Last updated on 2024-05-04 01:48:49 CEST.
Flavor | Version | Tinstall | Tcheck | Ttotal | Status | Flags |
---|---|---|---|---|---|---|
r-devel-linux-x86_64-debian-clang | 1.0.0 | 0.92 | 2.40 | 3.32 | ERROR | |
r-devel-linux-x86_64-fedora-clang | 1.0.0 | 1083.87 | OK | |||
r-devel-linux-x86_64-fedora-gcc | 1.0.0 | 969.84 | OK | |||
r-devel-windows-x86_64 | 1.0.0 | 32.00 | 541.00 | 573.00 | OK | |
r-patched-linux-x86_64 | 1.0.0 | 33.26 | 739.16 | 772.42 | OK | |
r-release-linux-x86_64 | 1.0.0 | 23.15 | 723.75 | 746.90 | OK | |
r-release-macos-arm64 | 1.0.0 | 240.00 | OK | |||
r-release-macos-x86_64 | 1.0.0 | 736.00 | OK | |||
r-release-windows-x86_64 | 1.0.0 | 30.00 | 523.00 | 553.00 | OK | |
r-oldrel-macos-arm64 | 1.0.0 | 237.00 | OK | |||
r-oldrel-macos-x86_64 | 1.0.0 | 622.00 | OK | |||
r-oldrel-windows-x86_64 | 1.0.0 | 43.00 | 730.00 | 773.00 | OK |
Version: 1.0.0
Check: package dependencies
Result: ERROR
Package required but not available: ‘SummarizedExperiment’
See section ‘The DESCRIPTION file’ in the ‘Writing R Extensions’
manual.
Flavor: r-devel-linux-x86_64-debian-clang