Last updated on 2024-05-02 01:57:04 CEST.
Flavor | Version | Tinstall | Tcheck | Ttotal | Status | Flags |
---|---|---|---|---|---|---|
r-devel-linux-x86_64-debian-clang | 0.4 | 14.89 | 181.93 | 196.82 | OK | |
r-devel-linux-x86_64-debian-gcc | 0.4 | 11.30 | 135.19 | 146.49 | OK | |
r-devel-linux-x86_64-fedora-clang | 0.4 | 242.45 | NOTE | |||
r-devel-linux-x86_64-fedora-gcc | 0.4 | 259.72 | NOTE | |||
r-devel-windows-x86_64 | 0.4 | 12.00 | 146.00 | 158.00 | OK | |
r-patched-linux-x86_64 | 0.4 | 17.17 | 181.03 | 198.20 | OK | |
r-release-linux-x86_64 | 0.4 | 13.19 | 174.04 | 187.23 | OK | |
r-release-macos-arm64 | 0.4 | 69.00 | OK | |||
r-release-windows-x86_64 | 0.4 | 13.00 | 144.00 | 157.00 | OK | |
r-oldrel-macos-arm64 | 0.4 | 73.00 | OK | |||
r-oldrel-macos-x86_64 | 0.4 | 173.00 | OK | |||
r-oldrel-windows-x86_64 | 0.4 | 16.00 | 174.00 | 190.00 | OK |
Version: 0.4
Check: data for non-ASCII characters
Result: NOTE
Note: found 1496 marked UTF-8 strings
Flavors: r-devel-linux-x86_64-fedora-clang, r-devel-linux-x86_64-fedora-gcc