Last updated on 2024-03-28 01:54:02 CET.
Flavor | Version | Tinstall | Tcheck | Ttotal | Status | Flags |
---|---|---|---|---|---|---|
r-devel-linux-x86_64-debian-clang | 1.2.0 | 9.88 | 101.42 | 111.30 | NOTE | |
r-devel-linux-x86_64-debian-gcc | 1.2.0 | 9.22 | 73.10 | 82.32 | NOTE | |
r-devel-linux-x86_64-fedora-clang | 1.2.0 | 136.13 | NOTE | |||
r-devel-linux-x86_64-fedora-gcc | 1.2.0 | 146.54 | NOTE | |||
r-devel-windows-x86_64 | 1.2.0 | 10.00 | 82.00 | 92.00 | OK | |
r-patched-linux-x86_64 | 1.2.0 | 12.88 | 95.46 | 108.34 | NOTE | |
r-release-linux-x86_64 | 1.2.0 | 12.24 | 95.16 | 107.40 | NOTE | |
r-release-macos-arm64 | 1.2.0 | 48.00 | OK | |||
r-release-macos-x86_64 | 1.2.0 | 79.00 | OK | |||
r-release-windows-x86_64 | 1.2.0 | 13.00 | 103.00 | 116.00 | OK | |
r-oldrel-macos-arm64 | 1.2.0 | 26.00 | OK | |||
r-oldrel-windows-x86_64 | 1.2.0 | 12.00 | 104.00 | 116.00 | OK |
Version: 1.2.0
Check: for non-standard things in the check directory
Result: NOTE
Found the following files/directories:
‘cycHumanBloodData.csv’ ‘cycHumanBloodDesign.csv’
‘cycMouseLiverProtein.txt’ ‘cycMouseLiverRNA.csv’ ‘cycSimu4h2d.csv’
‘cycYeastCycle.csv’ ‘example’
Flavors: r-devel-linux-x86_64-debian-clang, r-devel-linux-x86_64-debian-gcc, r-devel-linux-x86_64-fedora-clang, r-devel-linux-x86_64-fedora-gcc, r-patched-linux-x86_64, r-release-linux-x86_64