Last updated on 2024-08-16 01:48:23 CEST.
Flavor | Version | Tinstall | Tcheck | Ttotal | Status | Flags |
---|---|---|---|---|---|---|
r-devel-linux-x86_64-debian-clang | 2.1.3 | 14.38 | 133.26 | 147.64 | OK | |
r-devel-linux-x86_64-debian-gcc | 2.1.3 | 9.50 | 97.19 | 106.69 | OK | |
r-devel-linux-x86_64-fedora-clang | 2.1.3 | 244.89 | NOTE | |||
r-devel-linux-x86_64-fedora-gcc | 2.1.3 | 237.50 | NOTE | |||
r-devel-windows-x86_64 | 2.1.3 | 16.00 | 151.00 | 167.00 | OK | |
r-patched-linux-x86_64 | 2.1.3 | 12.65 | 125.19 | 137.84 | OK | |
r-release-linux-x86_64 | 2.1.3 | 13.38 | 126.49 | 139.87 | OK | |
r-release-macos-arm64 | 2.1.3 | 70.00 | OK | |||
r-release-macos-x86_64 | 2.1.3 | 110.00 | OK | |||
r-release-windows-x86_64 | 2.1.3 | 19.00 | 152.00 | 171.00 | OK | |
r-oldrel-macos-arm64 | 2.1.3 | 68.00 | OK | |||
r-oldrel-macos-x86_64 | 2.1.3 | 116.00 | OK | |||
r-oldrel-windows-x86_64 | 2.1.3 | 21.00 | 186.00 | 207.00 | OK |
Version: 2.1.3
Check: package dependencies
Result: NOTE
Imports includes 35 non-default packages.
Importing from so many packages makes the package vulnerable to any of
them becoming unavailable. Move as many as possible to Suggests and
use conditionally.
Flavor: r-devel-linux-x86_64-fedora-clang
Version: 2.1.3
Check: dependencies in R code
Result: NOTE
Namespaces in Imports field not imported from:
‘BiocManager’ ‘DT’ ‘GEOmetadb’ ‘RMySQL’ ‘RSQLite’ ‘gplots’ ‘pheatmap’
‘readr’
All declared Imports should be used.
Flavors: r-devel-linux-x86_64-fedora-clang, r-devel-linux-x86_64-fedora-gcc