Last updated on 2022-05-22 01:51:31 CEST.
Flavor | Version | Tinstall | Tcheck | Ttotal | Status | Flags |
---|---|---|---|---|---|---|
r-devel-linux-x86_64-debian-clang | 2.1.3 | 14.56 | 177.89 | 192.45 | OK | |
r-devel-linux-x86_64-debian-gcc | 2.1.3 | 13.16 | 127.96 | 141.12 | OK | |
r-devel-linux-x86_64-fedora-clang | 2.1.3 | 234.66 | NOTE | |||
r-devel-linux-x86_64-fedora-gcc | 2.1.3 | 234.94 | NOTE | |||
r-devel-windows-x86_64 | 2.1.3 | 93.00 | 201.00 | 294.00 | OK | |
r-patched-linux-x86_64 | 2.1.3 | 16.19 | 162.24 | 178.43 | OK | |
r-release-linux-x86_64 | 2.1.3 | 14.87 | 164.41 | 179.28 | OK | |
r-release-macos-arm64 | 2.1.3 | 64.00 | NOTE | |||
r-release-macos-x86_64 | 2.1.3 | 114.00 | NOTE | |||
r-release-windows-x86_64 | 2.1.3 | 95.00 | 225.00 | 320.00 | OK | |
r-oldrel-macos-arm64 | 2.1.3 | 92.00 | NOTE | |||
r-oldrel-macos-x86_64 | 2.1.3 | 78.00 | NOTE | |||
r-oldrel-windows-ix86+x86_64 | 2.1.3 | 35.00 | 200.00 | 235.00 | OK |
Version: 2.1.3
Check: package dependencies
Result: NOTE
Imports includes 35 non-default packages.
Importing from so many packages makes the package vulnerable to any of
them becoming unavailable. Move as many as possible to Suggests and
use conditionally.
Flavor: r-devel-linux-x86_64-fedora-clang
Version: 2.1.3
Check: dependencies in R code
Result: NOTE
Namespaces in Imports field not imported from:
‘BiocManager’ ‘DT’ ‘GEOmetadb’ ‘RMySQL’ ‘RSQLite’ ‘gplots’ ‘pheatmap’
‘readr’
All declared Imports should be used.
Flavors: r-devel-linux-x86_64-fedora-clang, r-devel-linux-x86_64-fedora-gcc, r-release-macos-arm64, r-release-macos-x86_64, r-oldrel-macos-arm64, r-oldrel-macos-x86_64