Last updated on 2022-08-12 01:50:07 CEST.
Flavor | Version | Tinstall | Tcheck | Ttotal | Status | Flags |
---|---|---|---|---|---|---|
r-devel-linux-x86_64-debian-clang | 1.1.8 | 7.04 | 207.82 | 214.86 | OK | |
r-devel-linux-x86_64-debian-gcc | 1.1.8 | 5.31 | 150.61 | 155.92 | OK | |
r-devel-linux-x86_64-fedora-clang | 1.1.8 | 265.92 | OK | |||
r-devel-linux-x86_64-fedora-gcc | 1.1.8 | 270.87 | OK | |||
r-devel-windows-x86_64 | 1.1.8 | 25.00 | 224.00 | 249.00 | OK | |
r-patched-linux-x86_64 | 1.1.8 | 6.28 | 197.63 | 203.91 | OK | |
r-release-linux-x86_64 | 1.1.8 | 6.26 | 196.68 | 202.94 | OK | |
r-release-macos-arm64 | 1.1.8 | 79.00 | OK | |||
r-release-macos-x86_64 | 1.1.8 | 8.00 | ERROR | |||
r-release-windows-x86_64 | 1.1.8 | 21.00 | 225.00 | 246.00 | OK | |
r-oldrel-macos-arm64 | 1.1.8 | 131.00 | OK | |||
r-oldrel-macos-x86_64 | 1.1.8 | 6.00 | ERROR | |||
r-oldrel-windows-ix86+x86_64 | 1.1.8 | 21.00 | 292.00 | 313.00 | OK |
Version: 1.1.8
Check: package dependencies
Result: ERROR
Package required but not available: ‘metagenomeSeq’
See section ‘The DESCRIPTION file’ in the ‘Writing R Extensions’
manual.
Flavors: r-release-macos-x86_64, r-oldrel-macos-x86_64