Last updated on 2024-03-28 01:54:02 CET.
Flavor | Version | Tinstall | Tcheck | Ttotal | Status | Flags |
---|---|---|---|---|---|---|
r-devel-linux-x86_64-debian-clang | 1.0.0 | 543.46 | 230.70 | 774.16 | NOTE | |
r-devel-linux-x86_64-debian-gcc | 1.0.0 | 456.45 | 203.72 | 660.17 | NOTE | |
r-devel-linux-x86_64-fedora-clang | 1.0.0 | 956.71 | NOTE | |||
r-devel-linux-x86_64-fedora-gcc | 1.0.0 | 1206.61 | NOTE | |||
r-devel-windows-x86_64 | 1.0.0 | 385.00 | 229.00 | 614.00 | NOTE | |
r-patched-linux-x86_64 | 1.0.0 | 417.33 | 261.74 | 679.07 | NOTE | |
r-release-linux-x86_64 | 1.0.0 | 399.91 | 263.54 | 663.45 | NOTE | |
r-release-macos-arm64 | 1.0.0 | 236.00 | NOTE | |||
r-release-macos-x86_64 | 1.0.0 | 368.00 | NOTE | |||
r-release-windows-x86_64 | 1.0.0 | 499.00 | 292.00 | 791.00 | NOTE | |
r-oldrel-macos-arm64 | 1.0.0 | 211.00 | NOTE | |||
r-oldrel-windows-x86_64 | 1.0.0 | 484.00 | 271.00 | 755.00 | NOTE |
Version: 1.0.0
Check: for GNU extensions in Makefiles
Result: NOTE
GNU make is a SystemRequirements.
Flavors: r-devel-linux-x86_64-debian-clang, r-devel-linux-x86_64-debian-gcc, r-devel-linux-x86_64-fedora-clang, r-devel-linux-x86_64-fedora-gcc, r-devel-windows-x86_64, r-patched-linux-x86_64, r-release-linux-x86_64, r-release-macos-arm64, r-release-macos-x86_64, r-release-windows-x86_64, r-oldrel-macos-arm64, r-oldrel-windows-x86_64
Version: 1.0.0
Check: installed package size
Result: NOTE
installed size is 5.6Mb
sub-directories of 1Mb or more:
libs 5.1Mb
Flavors: r-devel-linux-x86_64-fedora-clang, r-release-macos-arm64, r-release-macos-x86_64, r-oldrel-macos-arm64