CRAN Package Check Results for Package MiSPU

Last updated on 2020-11-26 01:47:59 CET.

Flavor Version Tinstall Tcheck Ttotal Status Flags
r-devel-linux-x86_64-debian-clang 1.0 40.28 96.82 137.10 OK
r-devel-linux-x86_64-debian-gcc 1.0 43.89 74.23 118.12 OK
r-devel-linux-x86_64-fedora-clang 1.0 184.97 NOTE
r-devel-linux-x86_64-fedora-gcc 1.0 181.05 NOTE
r-devel-windows-ix86+x86_64 1.0 95.00 163.00 258.00 OK
r-patched-linux-x86_64 1.0 58.46 92.17 150.63 OK
r-patched-solaris-x86 1.0 222.40 OK
r-release-linux-x86_64 1.0 58.00 92.23 150.23 OK
r-release-macos-x86_64 1.0 OK
r-release-windows-ix86+x86_64 1.0 99.00 179.00 278.00 OK
r-oldrel-macos-x86_64 1.0 OK
r-oldrel-windows-ix86+x86_64 1.0 66.00 161.00 227.00 OK

Check Details

Version: 1.0
Check: compiled code
Result: NOTE
    File ‘MiSPU/libs/MiSPU.so’:
     Found no calls to: ‘R_registerRoutines’, ‘R_useDynamicSymbols’
    
    It is good practice to register native routines and to disable symbol
    search.
    
    See ‘Writing portable packages’ in the ‘Writing R Extensions’ manual.
Flavors: r-devel-linux-x86_64-fedora-clang, r-devel-linux-x86_64-fedora-gcc