Last updated on 2024-08-16 01:48:23 CEST.
Flavor | Version | Tinstall | Tcheck | Ttotal | Status | Flags |
---|---|---|---|---|---|---|
r-devel-linux-x86_64-debian-clang | 0.8.15 | 3.61 | 31.16 | 34.77 | OK | |
r-devel-linux-x86_64-debian-gcc | 0.8.15 | 2.63 | 23.44 | 26.07 | OK | |
r-devel-linux-x86_64-fedora-clang | 0.8.15 | 55.27 | NOTE | |||
r-devel-linux-x86_64-fedora-gcc | 0.8.15 | 51.46 | OK | |||
r-devel-windows-x86_64 | 0.8.15 | 5.00 | 51.00 | 56.00 | OK | |
r-patched-linux-x86_64 | 0.8.15 | 4.03 | 29.30 | 33.33 | OK | |
r-release-linux-x86_64 | 0.8.15 | 3.74 | 29.59 | 33.33 | OK | |
r-release-macos-arm64 | 0.8.15 | 21.00 | OK | |||
r-release-macos-x86_64 | 0.8.15 | 35.00 | OK | |||
r-release-windows-x86_64 | 0.8.15 | 6.00 | 59.00 | 65.00 | OK | |
r-oldrel-macos-arm64 | 0.8.15 | 26.00 | OK | |||
r-oldrel-macos-x86_64 | 0.8.15 | 45.00 | OK | |||
r-oldrel-windows-x86_64 | 0.8.15 | 7.00 | 66.00 | 73.00 | OK |
Version: 0.8.15
Check: Rd cross-references
Result: NOTE
Undeclared package ‘tibble’ in Rd xrefs
Flavor: r-devel-linux-x86_64-fedora-clang