Last updated on 2024-03-29 01:51:10 CET.
Flavor | Version | Tinstall | Tcheck | Ttotal | Status | Flags |
---|---|---|---|---|---|---|
r-devel-linux-x86_64-debian-clang | 1.1 | 32.49 | 304.01 | 336.50 | NOTE | |
r-devel-linux-x86_64-debian-gcc | 1.1 | 25.57 | 221.89 | 247.46 | NOTE | |
r-devel-linux-x86_64-fedora-clang | 1.1 | 443.56 | NOTE | |||
r-devel-linux-x86_64-fedora-gcc | 1.1 | 407.05 | NOTE | |||
r-devel-windows-x86_64 | 1.1 | 28.00 | 218.00 | 246.00 | NOTE | |
r-patched-linux-x86_64 | 1.1 | 29.69 | 285.88 | 315.57 | NOTE | |
r-release-linux-x86_64 | 1.1 | 30.96 | 297.68 | 328.64 | OK | |
r-release-macos-arm64 | 1.1 | 9.00 | ERROR | |||
r-release-macos-x86_64 | 1.1 | 7.00 | ERROR | |||
r-release-windows-x86_64 | 1.1 | 38.00 | 285.00 | 323.00 | OK | |
r-oldrel-macos-arm64 | 1.1 | 103.00 | NOTE | |||
r-oldrel-windows-x86_64 | 1.1 | 40.00 | 278.00 | 318.00 | OK |
Version: 1.1
Check: Rd files
Result: NOTE
checkRd: (-1) linda.Rd:106: Lost braces in \itemize; \value handles \item{}{} directly
checkRd: (-1) linda.Rd:107: Lost braces in \itemize; \value handles \item{}{} directly
checkRd: (-1) linda.Rd:108: Lost braces in \itemize; \value handles \item{}{} directly
checkRd: (-1) linda.Rd:109: Lost braces in \itemize; \value handles \item{}{} directly
checkRd: (-1) linda.Rd:110: Lost braces in \itemize; \value handles \item{}{} directly
checkRd: (-1) linda.Rd:111: Lost braces in \itemize; \value handles \item{}{} directly
checkRd: (-1) linda.Rd:112: Lost braces in \itemize; \value handles \item{}{} directly
checkRd: (-1) linda.Rd:113-114: Lost braces in \itemize; \value handles \item{}{} directly
Flavors: r-devel-linux-x86_64-debian-clang, r-devel-linux-x86_64-debian-gcc, r-devel-linux-x86_64-fedora-clang, r-devel-linux-x86_64-fedora-gcc, r-devel-windows-x86_64, r-patched-linux-x86_64
Version: 1.1
Check: dependencies in R code
Result: NOTE
Namespaces in Imports field not imported from:
‘MASS’ ‘Matrix’ ‘utils’
All declared Imports should be used.
Flavors: r-devel-linux-x86_64-fedora-clang, r-devel-linux-x86_64-fedora-gcc, r-oldrel-macos-arm64
Version: 1.1
Check: package dependencies
Result: ERROR
Package required but not available: ‘phyloseq’
See section ‘The DESCRIPTION file’ in the ‘Writing R Extensions’
manual.
Flavors: r-release-macos-arm64, r-release-macos-x86_64