Last updated on 2024-04-24 01:52:16 CEST.
Flavor | Version | Tinstall | Tcheck | Ttotal | Status | Flags |
---|---|---|---|---|---|---|
r-devel-linux-x86_64-debian-clang | 2.4.0 | 20.36 | 56.49 | 76.85 | OK | |
r-devel-linux-x86_64-debian-gcc | 2.4.0 | 15.41 | 42.84 | 58.25 | OK | |
r-devel-linux-x86_64-fedora-clang | 2.4.0 | 102.20 | NOTE | |||
r-devel-linux-x86_64-fedora-gcc | 2.4.0 | 110.57 | NOTE | |||
r-prerel-macos-arm64 | 2.4.0 | 42.00 | OK | |||
r-prerel-windows-x86_64 | 2.4.0 | 17.00 | 83.00 | 100.00 | OK | |
r-patched-linux-x86_64 | 2.4.0 | 26.64 | 53.95 | 80.59 | OK | |
r-release-linux-x86_64 | 2.4.0 | 16.48 | 54.97 | 71.45 | OK | |
r-release-macos-arm64 | 2.4.0 | 42.00 | OK | |||
r-release-macos-x86_64 | 2.4.0 | 67.00 | OK | |||
r-release-windows-x86_64 | 2.4.0 | 20.00 | 90.00 | 110.00 | OK | |
r-oldrel-macos-arm64 | 2.4.0 | 39.00 | OK | |||
r-oldrel-windows-x86_64 | 2.4.0 | 21.00 | 83.00 | 104.00 | OK |
Version: 2.4.0
Check: dependencies in R code
Result: NOTE
Namespaces in Imports field not imported from:
‘R6’ ‘curl’ ‘jsonlite’ ‘parallel’ ‘tools’ ‘vctrs’
All declared Imports should be used.
Flavors: r-devel-linux-x86_64-fedora-clang, r-devel-linux-x86_64-fedora-gcc