Last updated on 2025-02-08 01:48:30 CET.
Flavor | Version | Tinstall | Tcheck | Ttotal | Status | Flags |
---|---|---|---|---|---|---|
r-devel-linux-x86_64-debian-clang | 0.12.1 | 56.91 | 699.05 | 755.96 | OK | |
r-devel-linux-x86_64-debian-gcc | 0.12.1 | 43.16 | 480.35 | 523.51 | OK | |
r-devel-linux-x86_64-fedora-clang | 0.12.1 | 1322.87 | OK | |||
r-devel-linux-x86_64-fedora-gcc | 0.12.1 | 1228.33 | OK | |||
r-devel-windows-x86_64 | 0.12.1 | 57.00 | 658.00 | 715.00 | OK | |
r-patched-linux-x86_64 | 0.12.1 | 57.46 | 652.58 | 710.04 | OK | |
r-release-linux-x86_64 | 0.12.1 | 55.12 | 640.70 | 695.82 | OK | |
r-release-macos-arm64 | 0.12.1 | 279.00 | OK | |||
r-release-macos-x86_64 | 0.12.1 | 545.00 | NOTE | |||
r-release-windows-x86_64 | 0.12.1 | 57.00 | 647.00 | 704.00 | OK | |
r-oldrel-macos-arm64 | 0.10.1 | 17.00 | ERROR | |||
r-oldrel-macos-x86_64 | 0.10.1 | 12.00 | ERROR | |||
r-oldrel-windows-x86_64 | 0.12.1 | 72.00 | 898.00 | 970.00 | OK |
Version: 0.12.1
Check: package dependencies
Result: NOTE
Packages suggested but not available for checking: 'ANCOMBC', 'mia'
Flavor: r-release-macos-x86_64
Version: 0.12.1
Check: Rd cross-references
Result: NOTE
Package unavailable to check Rd xrefs: ‘ANCOMBC’
Flavor: r-release-macos-x86_64
Version: 0.10.1
Check: package dependencies
Result: ERROR
Package required but not available: ‘dada2’
Packages suggested but not available for checking: 'ANCOMBC', 'mia'
See section ‘The DESCRIPTION file’ in the ‘Writing R Extensions’
manual.
Flavors: r-oldrel-macos-arm64, r-oldrel-macos-x86_64