Last updated on 2022-08-19 01:50:06 CEST.
Flavor | Version | Tinstall | Tcheck | Ttotal | Status | Flags |
---|---|---|---|---|---|---|
r-devel-linux-x86_64-debian-clang | 1.5.1 | 646.74 | 106.00 | 752.74 | OK | |
r-devel-linux-x86_64-debian-gcc | 1.5.1 | 567.38 | 81.68 | 649.06 | OK | |
r-devel-linux-x86_64-fedora-clang | 1.5.1 | 1152.88 | OK | |||
r-devel-linux-x86_64-fedora-gcc | 1.5.1 | 1141.72 | OK | |||
r-devel-windows-x86_64 | 1.5.1 | 690.00 | 234.00 | 924.00 | OK | |
r-patched-linux-x86_64 | 1.5.1 | 603.96 | 100.67 | 704.63 | OK | |
r-release-linux-x86_64 | 1.5.1 | OK | ||||
r-release-macos-arm64 | 1.5.1 | 248.00 | NOTE | |||
r-release-macos-x86_64 | 1.5.1 | 374.00 | NOTE | |||
r-release-windows-x86_64 | 1.5.1 | 572.00 | 291.00 | 863.00 | OK | |
r-oldrel-macos-arm64 | 1.5.1 | 288.00 | NOTE | |||
r-oldrel-macos-x86_64 | 1.5.1 | 493.00 | NOTE | |||
r-oldrel-windows-ix86+x86_64 | 1.5.1 | 1699.00 | 247.00 | 1946.00 | NOTE |
Version: 1.5.1
Check: installed package size
Result: NOTE
installed size is 27.3Mb
sub-directories of 1Mb or more:
libs 25.1Mb
Flavors: r-release-macos-arm64, r-release-macos-x86_64, r-oldrel-macos-arm64, r-oldrel-macos-x86_64, r-oldrel-windows-ix86+x86_64