CRAN Package Check Results for Package MixOptim

Last updated on 2023-05-30 01:56:56 CEST.

Flavor Version Tinstall Tcheck Ttotal Status Flags
r-devel-linux-x86_64-debian-clang 0.1.2 6.65 226.36 233.01 NOTE
r-devel-linux-x86_64-debian-gcc 0.1.2 4.79 164.47 169.26 NOTE
r-devel-linux-x86_64-fedora-clang 0.1.2 279.57 NOTE
r-devel-linux-x86_64-fedora-gcc 0.1.2 311.73 NOTE
r-devel-windows-x86_64 0.1.2 6.00 174.00 180.00 NOTE
r-patched-linux-x86_64 0.1.2 5.10 214.77 219.87 NOTE
r-release-linux-x86_64 0.1.2 3.51 211.11 214.62 NOTE
r-release-macos-arm64 0.1.2 79.00 NOTE
r-release-macos-x86_64 0.1.2 126.00 NOTE
r-release-windows-x86_64 0.1.2 8.00 217.00 225.00 NOTE
r-oldrel-macos-arm64 0.1.2 75.00 NOTE
r-oldrel-macos-x86_64 0.1.2 127.00 NOTE
r-oldrel-windows-x86_64 0.1.2 8.00 237.00 245.00 NOTE

Check Details

Version: 0.1.2
Check: LazyData
Result: NOTE
     'LazyData' is specified without a 'data' directory
Flavors: r-devel-linux-x86_64-debian-clang, r-devel-linux-x86_64-debian-gcc, r-devel-linux-x86_64-fedora-clang, r-devel-linux-x86_64-fedora-gcc, r-devel-windows-x86_64, r-patched-linux-x86_64, r-release-linux-x86_64, r-release-macos-arm64, r-release-macos-x86_64, r-release-windows-x86_64, r-oldrel-macos-arm64, r-oldrel-macos-x86_64, r-oldrel-windows-x86_64

Version: 0.1.2
Check: dependencies in R code
Result: NOTE
    Namespace in Imports field not imported from: ‘rlang’
     All declared Imports should be used.
Flavors: r-devel-linux-x86_64-fedora-clang, r-devel-linux-x86_64-fedora-gcc, r-oldrel-macos-arm64, r-oldrel-macos-x86_64