Last updated on 2024-03-29 01:51:11 CET.
Flavor | Version | Tinstall | Tcheck | Ttotal | Status | Flags |
---|---|---|---|---|---|---|
r-devel-linux-x86_64-debian-clang | 1.0.1 | 13.89 | 230.28 | 244.17 | NOTE | |
r-devel-linux-x86_64-debian-gcc | 1.0.1 | 11.33 | 147.22 | 158.55 | NOTE | |
r-devel-linux-x86_64-fedora-clang | 1.0.1 | 263.67 | NOTE | |||
r-devel-linux-x86_64-fedora-gcc | 1.0.1 | 260.35 | NOTE | |||
r-devel-windows-x86_64 | 1.0.1 | 13.00 | 139.00 | 152.00 | NOTE | |
r-patched-linux-x86_64 | 1.0.1 | 12.16 | 201.93 | 214.09 | NOTE | |
r-release-linux-x86_64 | 1.0.1 | 12.55 | 212.75 | 225.30 | NOTE | |
r-release-macos-arm64 | 1.0.1 | 63.00 | NOTE | |||
r-release-macos-x86_64 | 1.0.1 | 121.00 | NOTE | |||
r-release-windows-x86_64 | 1.0.1 | 13.00 | 197.00 | 210.00 | NOTE | |
r-oldrel-macos-arm64 | 1.0.1 | 57.00 | OK | |||
r-oldrel-windows-x86_64 | 1.0.1 | 23.00 | 203.00 | 226.00 | OK |
Version: 1.0.1
Check: package subdirectories
Result: NOTE
Problems with news in ‘NEWS.md’:
No news entries found.
Flavors: r-devel-linux-x86_64-debian-clang, r-devel-linux-x86_64-debian-gcc, r-devel-linux-x86_64-fedora-clang, r-devel-linux-x86_64-fedora-gcc, r-devel-windows-x86_64, r-patched-linux-x86_64, r-release-linux-x86_64, r-release-macos-arm64, r-release-macos-x86_64, r-release-windows-x86_64
Version: 1.0.1
Check: Rd files
Result: NOTE
checkRd: (-1) CHECKSUCCESS.Rd:44: Escaped LaTeX specials: \&
Flavors: r-devel-linux-x86_64-debian-clang, r-devel-linux-x86_64-debian-gcc, r-devel-linux-x86_64-fedora-clang, r-devel-linux-x86_64-fedora-gcc, r-devel-windows-x86_64, r-patched-linux-x86_64, r-release-linux-x86_64, r-release-macos-arm64, r-release-macos-x86_64, r-release-windows-x86_64