Last updated on 2024-08-16 01:48:23 CEST.
Flavor | Version | Tinstall | Tcheck | Ttotal | Status | Flags |
---|---|---|---|---|---|---|
r-devel-linux-x86_64-debian-clang | 0.9.12 | 15.18 | 115.52 | 130.70 | OK | |
r-devel-linux-x86_64-debian-gcc | 0.9.12 | 10.74 | 81.18 | 91.92 | OK | |
r-devel-linux-x86_64-fedora-clang | 0.9.12 | 218.75 | NOTE | |||
r-devel-linux-x86_64-fedora-gcc | 0.9.12 | 197.88 | OK | |||
r-devel-windows-x86_64 | 0.9.12 | 18.00 | 124.00 | 142.00 | OK | |
r-patched-linux-x86_64 | 0.9.12 | 16.03 | 106.41 | 122.44 | OK | |
r-release-linux-x86_64 | 0.9.12 | 12.96 | 109.73 | 122.69 | OK | |
r-release-macos-arm64 | 0.9.12 | 55.00 | OK | |||
r-release-macos-x86_64 | 0.9.12 | 129.00 | OK | |||
r-release-windows-x86_64 | 0.9.12 | 18.00 | 141.00 | 159.00 | OK | |
r-oldrel-macos-arm64 | 0.9.12 | 67.00 | OK | |||
r-oldrel-macos-x86_64 | 0.9.12 | 133.00 | OK | |||
r-oldrel-windows-x86_64 | 0.9.12 | 20.00 | 155.00 | 175.00 | OK |
Version: 0.9.12
Check: Rd cross-references
Result: NOTE
Undeclared package ‘pscl’ in Rd xrefs
Flavor: r-devel-linux-x86_64-fedora-clang