Last updated on 2022-07-06 01:50:28 CEST.
Flavor | Version | Tinstall | Tcheck | Ttotal | Status | Flags |
---|---|---|---|---|---|---|
r-devel-linux-x86_64-debian-clang | 3.4.0.1 | 41.84 | 743.81 | 785.65 | NOTE | |
r-devel-linux-x86_64-debian-gcc | 3.4.0.1 | 32.77 | 565.14 | 597.91 | NOTE | |
r-devel-linux-x86_64-fedora-clang | 3.4.0.1 | 946.06 | NOTE | |||
r-devel-linux-x86_64-fedora-gcc | 3.4.0.1 | 958.47 | NOTE | |||
r-devel-windows-x86_64 | 3.4.0.1 | 62.00 | 838.00 | 900.00 | OK | |
r-patched-linux-x86_64 | 3.4.0.1 | 45.95 | 717.88 | 763.83 | NOTE | |
r-release-linux-x86_64 | 3.4.0.1 | 36.19 | 712.17 | 748.36 | NOTE | |
r-release-macos-arm64 | 3.4.0.1 | 451.00 | OK | |||
r-release-macos-x86_64 | 3.4.0.1 | 721.00 | OK | |||
r-release-windows-x86_64 | 3.4.0.1 | 59.00 | 830.00 | 889.00 | OK | |
r-oldrel-macos-arm64 | 3.4.0.1 | 479.00 | OK | |||
r-oldrel-macos-x86_64 | 3.4.0.1 | 719.00 | OK | |||
r-oldrel-windows-ix86+x86_64 | 3.4.0.1 | 94.00 | 823.00 | 917.00 | OK |
Version: 3.4.0.1
Check: for non-standard things in the check directory
Result: NOTE
Found the following files/directories:
'BIO_TCandNLCD_NLCD.jpg' 'BIO_TCandNLCD_TCB.jpg'
'BIO_TCandNLCD_TCG.jpg' 'BIO_TCandNLCD_TCW.jpg'
'BIO_TCandNLCD_corrplot.jpg' 'BIO_TCandNLCD_mask_all_predictors.jpg'
'BIO_TCandNLCD_projections.txt' 'RF_BIO_TCandNLCD_01.img'
'RF_BIO_TCandNLCD_01.img.aux.xml'
'RF_BIO_TCandNLCD_01_mapmake_arguments.txt'
'RF_BIO_TCandNLCD_01_projections.txt' 'RF_BIO_TCandNLCD_OOB.csv'
'RF_BIO_TCandNLCD_OOB_corrplot.jpg'
'RF_BIO_TCandNLCD_OOB_corrplot.pdf' 'RF_BIO_TCandNLCD_OOB_error.jpg'
'RF_BIO_TCandNLCD_OOB_error.pdf'
'RF_BIO_TCandNLCD_OOB_importance.jpg'
'RF_BIO_TCandNLCD_OOB_importance.pdf'
'RF_BIO_TCandNLCD_OOB_scatterplot.jpg'
'RF_BIO_TCandNLCD_OOB_scatterplot.pdf'
'RF_BIO_TCandNLCD_model_building_arguments.txt'
'RF_Bio_TC_model_building_arguments.txt' 'example.test.csv'
'example.train.csv'
Flavors: r-devel-linux-x86_64-debian-clang, r-devel-linux-x86_64-debian-gcc, r-devel-linux-x86_64-fedora-clang, r-devel-linux-x86_64-fedora-gcc, r-patched-linux-x86_64, r-release-linux-x86_64