CRAN Package Check Results for Package MonoPhy

Last updated on 2019-12-10 23:47:28 CET.

Flavor Version Tinstall Tcheck Ttotal Status Flags
r-devel-linux-x86_64-debian-clang 1.2 10.21 102.73 112.94 NOTE
r-devel-linux-x86_64-debian-gcc 1.2 10.50 80.56 91.06 NOTE
r-devel-linux-x86_64-fedora-clang 1.2 136.33 NOTE
r-devel-linux-x86_64-fedora-gcc 1.2 131.85 NOTE
r-devel-windows-ix86+x86_64 1.2 29.00 107.00 136.00 OK
r-devel-windows-ix86+x86_64-gcc8 1.2 27.00 111.00 138.00 OK
r-patched-linux-x86_64 1.2 10.57 91.21 101.78 OK
r-patched-solaris-x86 1.2 188.90 OK
r-release-linux-x86_64 1.2 8.63 92.66 101.29 OK
r-release-windows-ix86+x86_64 1.2 20.00 106.00 126.00 OK
r-release-osx-x86_64 1.2 OK
r-oldrel-windows-ix86+x86_64 1.2 12.00 97.00 109.00 OK
r-oldrel-osx-x86_64 1.2 OK

Check Details

Version: 1.2
Check: for non-standard things in the check directory
Result: NOTE
    Found the following files/directories:
     'MonoTaxplot.pdf' 'Taxplot.pdf'
Flavors: r-devel-linux-x86_64-debian-clang, r-devel-linux-x86_64-debian-gcc, r-devel-linux-x86_64-fedora-clang, r-devel-linux-x86_64-fedora-gcc