CRAN Package Check Results for Package MuMIn

Last updated on 2020-02-20 23:47:34 CET.

Flavor Version Tinstall Tcheck Ttotal Status Flags
r-devel-linux-x86_64-debian-clang 1.43.15 21.57 160.83 182.40 OK
r-devel-linux-x86_64-debian-gcc 1.43.15 13.94 122.60 136.54 OK
r-devel-linux-x86_64-fedora-clang 1.43.15 218.98 OK
r-devel-linux-x86_64-fedora-gcc 1.43.15 205.60 OK
r-devel-windows-ix86+x86_64 1.43.15 24.00 159.00 183.00 OK
r-devel-windows-ix86+x86_64-gcc8 1.43.15 35.00 214.00 249.00 OK
r-patched-linux-x86_64 1.43.15 16.39 137.26 153.65 OK
r-patched-solaris-x86 1.43.15 284.30 NOTE
r-release-linux-x86_64 1.43.15 14.34 135.76 150.10 OK
r-release-windows-ix86+x86_64 1.43.15 23.00 151.00 174.00 OK
r-release-osx-x86_64 1.43.15 OK
r-oldrel-windows-ix86+x86_64 1.43.15 14.00 141.00 155.00 OK
r-oldrel-osx-x86_64 1.43.15 OK

Check Details

Version: 1.43.15
Check: Rd cross-references
Result: NOTE
    Package unavailable to check Rd xrefs: ‘RMark’
Flavor: r-patched-solaris-x86