CRAN Package Check Results for Package MuMIn

Last updated on 2022-06-28 01:51:38 CEST.

Flavor Version Tinstall Tcheck Ttotal Status Flags
r-devel-linux-x86_64-debian-clang 1.46.0 14.99 183.34 198.33 OK
r-devel-linux-x86_64-debian-gcc 1.46.0 12.13 138.09 150.22 OK
r-devel-linux-x86_64-fedora-clang 1.46.0 247.21 NOTE
r-devel-linux-x86_64-fedora-gcc 1.46.0 249.53 OK
r-devel-windows-x86_64 1.46.0 79.00 212.00 291.00 OK
r-patched-linux-x86_64 1.46.0 19.35 175.50 194.85 OK
r-release-linux-x86_64 1.46.0 19.34 173.53 192.87 OK
r-release-macos-arm64 1.46.0 67.00 OK
r-release-macos-x86_64 1.46.0 99.00 OK
r-release-windows-x86_64 1.46.0 82.00 214.00 296.00 OK
r-oldrel-macos-arm64 1.46.0 69.00 OK
r-oldrel-macos-x86_64 1.46.0 95.00 OK
r-oldrel-windows-ix86+x86_64 1.46.0 35.00 217.00 252.00 OK

Check Details

Version: 1.46.0
Check: Rd cross-references
Result: NOTE
    Undeclared packages ‘AICcmodavg’, ‘bbmle’, ‘glmulti’, ‘arm’, ‘performance’, ‘wgeesel’, ‘ape’, ‘bestglm’, ‘leaps’, ‘glmmTMB’, ‘brglm’, ‘quantreg’, ‘maxlike’, ‘RMark’ in Rd xrefs
Flavor: r-devel-linux-x86_64-fedora-clang