Last updated on 2025-05-19 02:49:42 CEST.
Flavor | Version | Tinstall | Tcheck | Ttotal | Status | Flags |
---|---|---|---|---|---|---|
r-devel-linux-x86_64-debian-clang | 0.1.3 | 2.46 | 28.56 | 31.02 | NOTE | |
r-devel-linux-x86_64-debian-gcc | 0.1.3 | 1.79 | 21.92 | 23.71 | NOTE | |
r-devel-linux-x86_64-fedora-clang | 0.1.3 | 47.52 | NOTE | |||
r-devel-linux-x86_64-fedora-gcc | 0.1.3 | 59.27 | NOTE | |||
r-devel-windows-x86_64 | 0.1.3 | 4.00 | 49.00 | 53.00 | NOTE | |
r-patched-linux-x86_64 | 0.1.3 | 2.35 | 26.39 | 28.74 | NOTE | |
r-release-linux-x86_64 | 0.1.3 | 1.94 | 26.32 | 28.26 | NOTE | |
r-release-macos-arm64 | 0.1.3 | 28.00 | NOTE | |||
r-release-macos-x86_64 | 0.1.3 | 68.00 | NOTE | |||
r-release-windows-x86_64 | 0.1.3 | 3.00 | 56.00 | 59.00 | NOTE | |
r-oldrel-macos-arm64 | 0.1.3 | 22.00 | NOTE | |||
r-oldrel-macos-x86_64 | 0.1.3 | 39.00 | NOTE | |||
r-oldrel-windows-x86_64 | 0.1.3 | 3.00 | 52.00 | 55.00 | NOTE |
Version: 0.1.3
Check: package subdirectories
Result: NOTE
Problems with news in ‘NEWS.md’:
No news entries found.
Flavors: r-devel-linux-x86_64-debian-clang, r-devel-linux-x86_64-debian-gcc, r-devel-linux-x86_64-fedora-clang, r-devel-linux-x86_64-fedora-gcc, r-devel-windows-x86_64, r-patched-linux-x86_64, r-release-linux-x86_64, r-release-macos-arm64, r-release-macos-x86_64, r-release-windows-x86_64, r-oldrel-macos-arm64, r-oldrel-macos-x86_64, r-oldrel-windows-x86_64