Last updated on 2024-04-19 01:58:50 CEST.
Flavor | Version | Tinstall | Tcheck | Ttotal | Status | Flags |
---|---|---|---|---|---|---|
r-devel-linux-x86_64-debian-clang | 0.2.0 | 117.16 | 151.90 | 269.06 | NOTE | |
r-devel-linux-x86_64-debian-gcc | 0.2.0 | 83.58 | 112.95 | 196.53 | NOTE | |
r-devel-linux-x86_64-fedora-clang | 0.2.0 | 368.00 | NOTE | |||
r-devel-linux-x86_64-fedora-gcc | 0.2.0 | 401.97 | NOTE | |||
r-prerel-macos-arm64 | 0.2.0 | 74.00 | NOTE | |||
r-prerel-windows-x86_64 | 0.2.0 | 89.00 | 152.00 | 241.00 | NOTE | |
r-patched-linux-x86_64 | 0.2.0 | 106.23 | 164.49 | 270.72 | NOTE | |
r-release-linux-x86_64 | 0.2.0 | 107.22 | 161.25 | 268.47 | NOTE | |
r-release-macos-arm64 | 0.2.0 | 84.00 | NOTE | |||
r-release-macos-x86_64 | 0.2.0 | 177.00 | NOTE | |||
r-release-windows-x86_64 | 0.2.0 | 97.00 | 163.00 | 260.00 | NOTE | |
r-oldrel-macos-arm64 | 0.2.0 | 77.00 | NOTE | |||
r-oldrel-windows-x86_64 | 0.2.0 | 109.00 | 160.00 | 269.00 | OK |
Version: 0.2.0
Check: C++ specification
Result: NOTE
Specified C++11: please drop specification unless essential
Flavors: r-devel-linux-x86_64-debian-clang, r-devel-linux-x86_64-debian-gcc, r-devel-linux-x86_64-fedora-clang, r-devel-linux-x86_64-fedora-gcc, r-prerel-macos-arm64, r-prerel-windows-x86_64, r-patched-linux-x86_64, r-release-linux-x86_64, r-release-macos-arm64, r-release-macos-x86_64, r-release-windows-x86_64
Version: 0.2.0
Check: compiled code
Result: NOTE
File ‘MultiBD/libs/MultiBD.so’:
Found no calls to: ‘R_registerRoutines’, ‘R_useDynamicSymbols’
It is good practice to register native routines and to disable symbol
search.
See ‘Writing portable packages’ in the ‘Writing R Extensions’ manual.
Flavors: r-devel-linux-x86_64-fedora-clang, r-devel-linux-x86_64-fedora-gcc
Version: 0.2.0
Check: installed package size
Result: NOTE
installed size is 6.1Mb
sub-directories of 1Mb or more:
libs 4.5Mb
Flavors: r-prerel-macos-arm64, r-release-macos-arm64, r-release-macos-x86_64, r-oldrel-macos-arm64