Last updated on 2023-05-31 01:57:20 CEST.
Flavor | Version | Tinstall | Tcheck | Ttotal | Status | Flags |
---|---|---|---|---|---|---|
r-devel-linux-x86_64-debian-clang | 0.2.0 | 106.28 | 147.20 | 253.48 | NOTE | |
r-devel-linux-x86_64-debian-gcc | 0.2.0 | 84.04 | 109.45 | 193.49 | NOTE | |
r-devel-linux-x86_64-fedora-clang | 0.2.0 | 357.48 | NOTE | |||
r-devel-linux-x86_64-fedora-gcc | 0.2.0 | 398.45 | NOTE | |||
r-devel-windows-x86_64 | 0.2.0 | 72.00 | 150.00 | 222.00 | NOTE | |
r-patched-linux-x86_64 | 0.2.0 | 91.93 | 154.43 | 246.36 | NOTE | |
r-release-linux-x86_64 | 0.2.0 | 93.59 | 155.05 | 248.64 | NOTE | |
r-release-macos-arm64 | 0.2.0 | 84.00 | NOTE | |||
r-release-macos-x86_64 | 0.2.0 | 177.00 | NOTE | |||
r-release-windows-x86_64 | 0.2.0 | 84.00 | 158.00 | 242.00 | NOTE | |
r-oldrel-macos-arm64 | 0.2.0 | 77.00 | NOTE | |||
r-oldrel-macos-x86_64 | 0.2.0 | 96.00 | NOTE | |||
r-oldrel-windows-x86_64 | 0.2.0 | 105.00 | 162.00 | 267.00 | OK |
Version: 0.2.0
Check: C++ specification
Result: NOTE
Specified C++11: please drop specification unless essential
Flavors: r-devel-linux-x86_64-debian-clang, r-devel-linux-x86_64-debian-gcc, r-devel-linux-x86_64-fedora-clang, r-devel-linux-x86_64-fedora-gcc, r-devel-windows-x86_64, r-patched-linux-x86_64, r-release-linux-x86_64, r-release-macos-arm64, r-release-macos-x86_64, r-release-windows-x86_64
Version: 0.2.0
Check: compiled code
Result: NOTE
File ‘MultiBD/libs/MultiBD.so’:
Found no calls to: ‘R_registerRoutines’, ‘R_useDynamicSymbols’
It is good practice to register native routines and to disable symbol
search.
See ‘Writing portable packages’ in the ‘Writing R Extensions’ manual.
Flavors: r-devel-linux-x86_64-fedora-clang, r-devel-linux-x86_64-fedora-gcc
Version: 0.2.0
Check: installed package size
Result: NOTE
installed size is 6.5Mb
sub-directories of 1Mb or more:
libs 4.9Mb
Flavors: r-release-macos-arm64, r-release-macos-x86_64, r-oldrel-macos-arm64, r-oldrel-macos-x86_64