CRAN Package Check Results for Package NADA2

Last updated on 2022-06-30 01:49:14 CEST.

Flavor Version Tinstall Tcheck Ttotal Status Flags
r-devel-linux-x86_64-debian-clang 1.0.2 16.82 170.51 187.33 OK
r-devel-linux-x86_64-debian-gcc 1.0.2 14.82 125.36 140.18 OK
r-devel-linux-x86_64-fedora-clang 1.0.2 234.62 NOTE
r-devel-linux-x86_64-fedora-gcc 1.0.2 232.58 NOTE
r-devel-windows-x86_64 1.0.2 35.00 208.00 243.00 OK
r-patched-linux-x86_64 1.0.2 20.78 161.93 182.71 OK
r-release-linux-x86_64 1.0.2 19.21 160.06 179.27 OK
r-release-macos-arm64 1.0.2 68.00 NOTE
r-release-macos-x86_64 1.0.2 91.00 NOTE
r-release-windows-x86_64 1.0.2 39.00 205.00 244.00 OK
r-oldrel-macos-arm64 1.0.2 47.00 NOTE
r-oldrel-macos-x86_64 1.0.2 87.00 NOTE
r-oldrel-windows-ix86+x86_64 1.0.2 39.00 195.00 234.00 OK

Check Details

Version: 1.0.2
Check: dependencies in R code
Result: NOTE
    Namespaces in Imports field not imported from:
     ‘Kendall’ ‘perm’
     All declared Imports should be used.
Flavors: r-devel-linux-x86_64-fedora-clang, r-devel-linux-x86_64-fedora-gcc, r-release-macos-arm64, r-release-macos-x86_64, r-oldrel-macos-arm64, r-oldrel-macos-x86_64