Last updated on 2024-05-03 01:51:25 CEST.
Flavor | Version | Tinstall | Tcheck | Ttotal | Status | Flags |
---|---|---|---|---|---|---|
r-devel-linux-x86_64-debian-clang | 1.0.1 | 7.26 | 61.92 | 69.18 | OK | |
r-devel-linux-x86_64-debian-gcc | 1.0.1 | 6.26 | 47.04 | 53.30 | OK | |
r-devel-linux-x86_64-fedora-clang | 1.0.1 | 95.23 | OK | |||
r-devel-linux-x86_64-fedora-gcc | 1.0.1 | 87.92 | OK | |||
r-devel-windows-x86_64 | 1.0.1 | 10.00 | 83.00 | 93.00 | OK | |
r-patched-linux-x86_64 | 1.0.1 | 10.21 | 60.29 | 70.50 | OK | |
r-release-linux-x86_64 | 1.0.1 | 5.43 | 58.95 | 64.38 | OK | |
r-release-macos-arm64 | 1.0.1 | 29.00 | OK | |||
r-release-windows-x86_64 | 1.0.1 | 10.00 | 74.00 | 84.00 | OK | |
r-oldrel-macos-arm64 | 1.0.1 | 37.00 | NOTE | |||
r-oldrel-macos-x86_64 | 1.0.1 | 47.00 | NOTE | |||
r-oldrel-windows-x86_64 | 1.0.1 | 11.00 | 86.00 | 97.00 | OK |
Version: 1.0.1
Check: package dependencies
Result: NOTE
Package suggested but not available for checking: ‘sSeq’
Flavors: r-oldrel-macos-arm64, r-oldrel-macos-x86_64
Version: 1.0.1
Check: Rd cross-references
Result: NOTE
Package unavailable to check Rd xrefs: ‘sSeq’
Flavors: r-oldrel-macos-arm64, r-oldrel-macos-x86_64