CRAN Package Check Results for Package NHMM

Last updated on 2020-02-24 03:46:40 CET.

Flavor Version Tinstall Tcheck Ttotal Status Flags
r-devel-linux-x86_64-debian-clang 3.10 221.78 87.40 309.18 OK
r-devel-linux-x86_64-debian-gcc 3.10 OK
r-devel-linux-x86_64-fedora-clang 3.10 447.33 NOTE
r-devel-linux-x86_64-fedora-gcc 3.10 384.77 OK
r-devel-windows-ix86+x86_64 3.10 417.00 130.00 547.00 OK
r-devel-windows-ix86+x86_64-gcc8 3.10 621.00 174.00 795.00 OK
r-patched-linux-x86_64 3.10 OK
r-patched-solaris-x86 3.10 368.60 OK
r-release-linux-x86_64 3.10 166.43 74.54 240.97 OK
r-release-windows-ix86+x86_64 3.10 435.00 117.00 552.00 OK
r-release-osx-x86_64 3.10 OK
r-oldrel-windows-ix86+x86_64 3.10 378.00 120.00 498.00 OK
r-oldrel-osx-x86_64 3.10 OK

Check Details

Version: 3.10
Check: installed package size
Result: NOTE
     installed size is 5.8Mb
     sub-directories of 1Mb or more:
     libs 4.8Mb
Flavor: r-devel-linux-x86_64-fedora-clang