Last updated on 2024-08-16 01:48:24 CEST.
Flavor | Version | Tinstall | Tcheck | Ttotal | Status | Flags |
---|---|---|---|---|---|---|
r-devel-linux-x86_64-debian-clang | 0.3.0 | 1.55 | 69.28 | 70.83 | OK | |
r-devel-linux-x86_64-debian-gcc | 0.3.0 | 1.45 | 50.09 | 51.54 | OK | |
r-devel-linux-x86_64-fedora-clang | 0.3.0 | 122.10 | NOTE | |||
r-devel-linux-x86_64-fedora-gcc | 0.3.0 | 125.91 | NOTE | |||
r-devel-windows-x86_64 | 0.3.0 | 3.00 | 90.00 | 93.00 | OK | |
r-patched-linux-x86_64 | 0.3.0 | 1.80 | 66.51 | 68.31 | OK | |
r-release-linux-x86_64 | 0.3.0 | 1.72 | 67.60 | 69.32 | OK | |
r-release-macos-arm64 | 0.3.0 | 43.00 | OK | |||
r-release-macos-x86_64 | 0.3.0 | 66.00 | OK | |||
r-release-windows-x86_64 | 0.3.0 | 4.00 | 88.00 | 92.00 | OK | |
r-oldrel-macos-arm64 | 0.3.0 | 48.00 | OK | |||
r-oldrel-macos-x86_64 | 0.3.0 | 69.00 | OK | |||
r-oldrel-windows-x86_64 | 0.3.0 | 3.00 | 103.00 | 106.00 | OK |
Version: 0.3.0
Check: dependencies in R code
Result: NOTE
Namespace in Imports field not imported from: ‘tibble’
All declared Imports should be used.
Flavors: r-devel-linux-x86_64-fedora-clang, r-devel-linux-x86_64-fedora-gcc