Last updated on 2024-03-28 01:54:04 CET.
Flavor | Version | Tinstall | Tcheck | Ttotal | Status | Flags |
---|---|---|---|---|---|---|
r-devel-linux-x86_64-debian-clang | 0.27 | 30.71 | 687.15 | 717.86 | OK | |
r-devel-linux-x86_64-debian-gcc | 0.27 | 28.70 | 518.69 | 547.39 | OK | |
r-devel-linux-x86_64-fedora-clang | 0.27 | 972.60 | NOTE | |||
r-devel-linux-x86_64-fedora-gcc | 0.27 | 886.44 | NOTE | |||
r-devel-windows-x86_64 | 0.27 | 38.00 | 545.00 | 583.00 | OK | |
r-patched-linux-x86_64 | 0.27 | 41.91 | 679.20 | 721.11 | OK | |
r-release-linux-x86_64 | 0.27 | 35.97 | 675.51 | 711.48 | OK | |
r-release-macos-arm64 | 0.27 | 275.00 | NOTE | |||
r-release-macos-x86_64 | 0.27 | 589.00 | NOTE | |||
r-release-windows-x86_64 | 0.27 | 47.00 | 697.00 | 744.00 | OK | |
r-oldrel-macos-arm64 | 0.27 | 271.00 | NOTE | |||
r-oldrel-windows-x86_64 | 0.27 | 48.00 | 689.00 | 737.00 | OK |
Version: 0.27
Check: dependencies in R code
Result: NOTE
Namespace in Imports field not imported from: ‘BiocManager’
All declared Imports should be used.
Flavors: r-devel-linux-x86_64-fedora-clang, r-devel-linux-x86_64-fedora-gcc
Version: 0.27
Check: package dependencies
Result: NOTE
Package suggested but not available for checking: ‘doMPI’
Flavors: r-release-macos-arm64, r-release-macos-x86_64, r-oldrel-macos-arm64