CRAN Package Check Results for Package NMF

Last updated on 2022-05-19 02:49:17 CEST.

Flavor Version Tinstall Tcheck Ttotal Status Flags
r-devel-linux-x86_64-debian-clang 0.24.0 34.89 618.25 653.14 OK
r-devel-linux-x86_64-debian-gcc 0.24.0 27.96 467.73 495.69 OK
r-devel-linux-x86_64-fedora-clang 0.24.0 868.82 NOTE
r-devel-linux-x86_64-fedora-gcc 0.24.0 895.95 NOTE
r-devel-windows-x86_64 0.24.0 132.00 755.00 887.00 OK
r-patched-linux-x86_64 0.24.0 35.05 595.95 631.00 OK
r-release-linux-x86_64 0.24.0 31.29 596.93 628.22 OK
r-release-macos-arm64 0.24.0 291.00 NOTE
r-release-macos-x86_64 0.24.0 471.00 NOTE
r-release-windows-x86_64 0.24.0 129.00 741.00 870.00 OK
r-oldrel-macos-arm64 0.24.0 253.00 NOTE
r-oldrel-macos-x86_64 0.24.0 318.00 NOTE
r-oldrel-windows-ix86+x86_64 0.24.0 70.00 818.00 888.00 OK

Check Details

Version: 0.24.0
Check: dependencies in R code
Result: NOTE
    Namespace in Imports field not imported from: ‘BiocManager’
     All declared Imports should be used.
Flavors: r-devel-linux-x86_64-fedora-clang, r-devel-linux-x86_64-fedora-gcc, r-release-macos-arm64, r-release-macos-x86_64, r-oldrel-macos-arm64, r-oldrel-macos-x86_64

Version: 0.24.0
Check: package dependencies
Result: NOTE
    Package suggested but not available for checking: ‘doMPI’
Flavors: r-release-macos-arm64, r-release-macos-x86_64, r-oldrel-macos-arm64, r-oldrel-macos-x86_64