CRAN Package Check Results for Package NNS

Last updated on 2020-03-30 23:51:41 CEST.

Flavor Version Tinstall Tcheck Ttotal Status Flags
r-devel-linux-x86_64-debian-clang 0.5.0 11.84 71.03 82.87 OK --no-vignettes
r-devel-linux-x86_64-debian-gcc 0.5.0 9.68 54.15 63.83 OK --no-vignettes
r-devel-linux-x86_64-fedora-clang 0.5.0 289.48 OK
r-devel-linux-x86_64-fedora-gcc 0.5.0 285.56 OK
r-devel-windows-ix86+x86_64 0.5.0 24.00 259.00 283.00 OK
r-devel-windows-ix86+x86_64-gcc8 0.5.0 22.00 259.00 281.00 OK
r-patched-linux-x86_64 0.5.0 13.03 67.62 80.65 OK --no-vignettes
r-patched-solaris-x86 0.5.0 443.30 OK
r-release-linux-x86_64 0.5.0 10.49 62.62 73.11 OK --no-vignettes
r-release-windows-ix86+x86_64 0.5.0 30.00 406.00 436.00 OK
r-release-osx-x86_64 0.5.0 WARN
r-oldrel-windows-ix86+x86_64 0.5.0 24.00 397.00 421.00 OK
r-oldrel-osx-x86_64 0.5.0 WARN

Check Details

Version: 0.5.0
Check: whether package can be installed
Result: WARN
    Found the following significant warnings:
     Warning: 'rgl.init' failed, running with 'rgl.useNULL = TRUE'.
Flavors: r-release-osx-x86_64, r-oldrel-osx-x86_64