Last updated on 2024-04-20 01:50:05 CEST.
Flavor | Version | Tinstall | Tcheck | Ttotal | Status | Flags |
---|---|---|---|---|---|---|
r-devel-linux-x86_64-debian-clang | 3.1.1 | 96.32 | 157.02 | 253.34 | NOTE | |
r-devel-linux-x86_64-debian-gcc | 3.1.1 | NOTE | ||||
r-devel-linux-x86_64-fedora-clang | 3.1.1 | 329.99 | NOTE | |||
r-devel-linux-x86_64-fedora-gcc | 3.1.1 | 349.56 | NOTE | |||
r-prerel-macos-arm64 | 3.1.1 | 108.00 | NOTE | |||
r-prerel-windows-x86_64 | 3.1.1 | 70.00 | 133.00 | 203.00 | NOTE | |
r-patched-linux-x86_64 | 3.1.1 | 95.77 | 151.25 | 247.02 | NOTE | |
r-release-linux-x86_64 | 3.1.1 | 85.10 | 131.42 | 216.52 | NOTE | |
r-release-macos-arm64 | 3.1.1 | 81.00 | NOTE | |||
r-release-macos-x86_64 | 3.1.1 | 130.00 | NOTE | |||
r-release-windows-x86_64 | 3.1.1 | 90.00 | 157.00 | 247.00 | NOTE | |
r-oldrel-macos-arm64 | 3.1.1 | 122.00 | OK | |||
r-oldrel-windows-x86_64 | 3.1.1 | 86.00 | 152.00 | 238.00 | OK |
Version: 3.1.1
Check: C++ specification
Result: NOTE
Specified C++11: please drop specification unless essential
Flavors: r-devel-linux-x86_64-debian-clang, r-devel-linux-x86_64-debian-gcc, r-devel-linux-x86_64-fedora-clang, r-devel-linux-x86_64-fedora-gcc, r-prerel-macos-arm64, r-prerel-windows-x86_64, r-patched-linux-x86_64, r-release-linux-x86_64, r-release-macos-arm64, r-release-macos-x86_64, r-release-windows-x86_64
Version: 3.1.1
Check: Rd files
Result: NOTE
checkRd: (-1) plot.regression.circular.Rd:35: Lost braces
35 | code{plot.type="circle"} and \code{x} is the output of \code{\link{kern.reg.circ.lin}}) or to \code{\link{lines3d}} (if \code{plot.type="circle"})
| ^
Flavors: r-devel-linux-x86_64-debian-clang, r-devel-linux-x86_64-debian-gcc, r-devel-linux-x86_64-fedora-clang, r-devel-linux-x86_64-fedora-gcc, r-prerel-macos-arm64, r-prerel-windows-x86_64, r-patched-linux-x86_64