CRAN Package Check Results for Package NSAE

Last updated on 2025-05-02 02:51:01 CEST.

Flavor Version Tinstall Tcheck Ttotal Status Flags
r-devel-linux-x86_64-debian-clang 0.4.0 11.56 90.49 102.05 NOTE
r-devel-linux-x86_64-debian-gcc 0.4.0 7.53 63.14 70.67 NOTE
r-devel-linux-x86_64-fedora-clang 0.4.0 155.75 NOTE
r-devel-linux-x86_64-fedora-gcc 0.4.0 154.10 NOTE
r-devel-windows-x86_64 0.4.0 11.00 104.00 115.00 NOTE
r-patched-linux-x86_64 0.4.0 10.40 87.74 98.14 NOTE
r-release-linux-x86_64 NOTE
r-release-macos-arm64 0.4.0 47.00 NOTE
r-release-macos-x86_64 0.4.0 91.00 NOTE
r-release-windows-x86_64 0.4.0 11.00 112.00 123.00 NOTE
r-oldrel-macos-arm64 0.4.0 45.00 NOTE
r-oldrel-macos-x86_64 0.4.0 69.00 NOTE
r-oldrel-windows-x86_64 0.4.0 13.00 123.00 136.00 NOTE

Check Details

Version: 0.4.0
Check: Rd files
Result: NOTE checkRd: (-1) NSAE.Rd:14: Lost braces; missing escapes or markup? 14 | {Maintainer}: Saurav Guha \email{saurav.iasri@gmail.com} | ^ Flavors: r-devel-linux-x86_64-debian-clang, r-devel-linux-x86_64-debian-gcc, r-devel-linux-x86_64-fedora-clang, r-devel-linux-x86_64-fedora-gcc, r-devel-windows-x86_64, r-patched-linux-x86_64, r-release-linux-x86_64, r-release-macos-arm64, r-release-macos-x86_64, r-release-windows-x86_64, r-oldrel-macos-arm64, r-oldrel-macos-x86_64, r-oldrel-windows-x86_64

Version: 0.4.0
Check: examples
Result: NOTE Examples with CPU (user + system) or elapsed time > 5s user system elapsed NS.test 6.238 0.035 7.880 NSglm.test 3.980 0.000 5.859 Flavor: r-devel-linux-x86_64-debian-clang