CRAN Package Check Results for Package NegBinBetaBinreg

Last updated on 2025-05-01 01:49:39 CEST.

Flavor Version Tinstall Tcheck Ttotal Status Flags
r-devel-linux-x86_64-debian-clang 1.0 5.43 57.81 63.24 NOTE
r-devel-linux-x86_64-debian-gcc 1.0 5.17 42.30 47.47 NOTE
r-devel-linux-x86_64-fedora-clang 1.0 99.98 OK
r-devel-linux-x86_64-fedora-gcc 1.0 95.45 OK
r-devel-windows-x86_64 1.0 7.00 73.00 80.00 OK
r-patched-linux-x86_64 1.0 7.22 54.72 61.94 OK
r-release-linux-x86_64 1.0 6.74 54.97 61.71 OK
r-release-macos-arm64 1.0 32.00 OK
r-release-macos-x86_64 1.0 61.00 OK
r-release-windows-x86_64 1.0 8.00 80.00 88.00 OK
r-oldrel-macos-arm64 1.0 32.00 OK
r-oldrel-macos-x86_64 1.0 49.00 OK
r-oldrel-windows-x86_64 1.0 9.00 88.00 97.00 OK

Check Details

Version: 1.0
Check: CRAN incoming feasibility
Result: NOTE Maintainer: ‘Edilberto Cepeda <ecepedac@unal.edu.co>’ No Authors@R field in DESCRIPTION. Please add one, modifying Authors@R: c(person(given = "Edilberto", family = "Cepeda-Cuervo", role = "aut"), person(given = c("Maria", "Victoria"), family = "Cifuentes-Amado", role = "aut"), person(given = "Margarita", family = "Marin", role = "aut"), person(given = "Edilberto", family = "Cepeda", role = "cre", email = "ecepedac@unal.edu.co")) as necessary. Flavors: r-devel-linux-x86_64-debian-clang, r-devel-linux-x86_64-debian-gcc

Version: 1.0
Check: examples
Result: NOTE Examples with CPU (user + system) or elapsed time > 5s user system elapsed NegBinBetaBinreg 5.085 0.212 6.598 Flavor: r-devel-linux-x86_64-debian-clang