CRAN Package Check Results for Package OBASpatial

Last updated on 2022-07-04 02:53:37 CEST.

Flavor Version Tinstall Tcheck Ttotal Status Flags
r-devel-linux-x86_64-debian-clang 1.8 13.27 84.22 97.49 NOTE
r-devel-linux-x86_64-debian-gcc 1.8 8.80 62.49 71.29 NOTE
r-devel-linux-x86_64-fedora-clang 1.8 124.48 NOTE
r-devel-linux-x86_64-fedora-gcc 1.8 120.91 NOTE
r-devel-windows-x86_64 1.8 15.00 106.00 121.00 NOTE
r-patched-linux-x86_64 1.8 11.67 81.41 93.08 OK
r-release-linux-x86_64 1.8 8.97 81.49 90.46 OK
r-release-macos-arm64 1.8 34.00 OK
r-release-macos-x86_64 1.8 47.00 OK
r-release-windows-x86_64 1.8 47.00 106.00 153.00 OK
r-oldrel-macos-arm64 1.8 40.00 OK
r-oldrel-macos-x86_64 1.8 66.00 OK
r-oldrel-windows-ix86+x86_64 1.8 21.00 109.00 130.00 OK

Check Details

Version: 1.8
Check: Rd files
Result: NOTE
    checkRd: (-1) dataca20.Rd:23: Escaped LaTeX specials: \~
    checkRd: (-1) dataca20.Rd:23: Escaped LaTeX specials: \^
Flavors: r-devel-linux-x86_64-debian-clang, r-devel-linux-x86_64-debian-gcc, r-devel-linux-x86_64-fedora-clang, r-devel-linux-x86_64-fedora-gcc, r-devel-windows-x86_64