Last updated on 2022-08-12 01:50:09 CEST.
Flavor | Version | Tinstall | Tcheck | Ttotal | Status | Flags |
---|---|---|---|---|---|---|
r-devel-linux-x86_64-debian-clang | 1.0-2 | 5.29 | 43.77 | 49.06 | NOTE | |
r-devel-linux-x86_64-debian-gcc | 1.0-2 | 3.59 | 31.16 | 34.75 | NOTE | |
r-devel-linux-x86_64-fedora-clang | 1.0-2 | 66.44 | NOTE | |||
r-devel-linux-x86_64-fedora-gcc | 1.0-2 | 67.28 | NOTE | |||
r-devel-windows-x86_64 | 1.0-2 | 14.00 | 62.00 | 76.00 | OK | |
r-patched-linux-x86_64 | 1.0-2 | 5.05 | 42.17 | 47.22 | NOTE | |
r-release-linux-x86_64 | 1.0-2 | 4.37 | 40.75 | 45.12 | NOTE | |
r-release-macos-arm64 | 1.0-2 | 18.00 | OK | |||
r-release-macos-x86_64 | 1.0-2 | 28.00 | OK | |||
r-release-windows-x86_64 | 1.0-2 | 22.00 | 67.00 | 89.00 | OK | |
r-oldrel-macos-arm64 | 1.0-2 | 16.00 | OK | |||
r-oldrel-macos-x86_64 | 1.0-2 | 29.00 | OK | |||
r-oldrel-windows-ix86+x86_64 | 1.0-2 | 8.00 | 55.00 | 63.00 | OK |
Version: 1.0-2
Check: for non-standard things in the check directory
Result: NOTE
Found the following files/directories:
'cluster of fitted mean data.eps' 'cluster of fitted mean data.txt'
'cluster of raw data.txt'
Flavors: r-devel-linux-x86_64-debian-clang, r-devel-linux-x86_64-debian-gcc, r-devel-linux-x86_64-fedora-clang, r-devel-linux-x86_64-fedora-gcc, r-patched-linux-x86_64, r-release-linux-x86_64