Last updated on 2024-04-18 01:55:26 CEST.
Flavor | Version | Tinstall | Tcheck | Ttotal | Status | Flags |
---|---|---|---|---|---|---|
r-devel-linux-x86_64-debian-clang | 1.0.2 | 5.73 | 68.54 | 74.27 | OK | |
r-devel-linux-x86_64-debian-gcc | 1.0.2 | 4.61 | 52.58 | 57.19 | OK | |
r-devel-linux-x86_64-fedora-clang | 1.0.2 | 92.57 | NOTE | |||
r-devel-linux-x86_64-fedora-gcc | 1.0.2 | 103.73 | NOTE | |||
r-prerel-macos-arm64 | 1.0.2 | 39.00 | OK | |||
r-prerel-windows-x86_64 | 1.0.2 | 8.00 | 69.00 | 77.00 | OK | |
r-patched-linux-x86_64 | 1.0.2 | 3.73 | 64.87 | 68.60 | OK | |
r-release-linux-x86_64 | 1.0.2 | 4.14 | 64.49 | 68.63 | OK | |
r-release-macos-arm64 | 1.0.2 | 43.00 | OK | |||
r-release-macos-x86_64 | 1.0.2 | 58.00 | OK | |||
r-release-windows-x86_64 | 1.0.2 | 8.00 | 77.00 | 85.00 | OK | |
r-oldrel-macos-arm64 | 1.0.2 | 32.00 | NOTE | |||
r-oldrel-windows-x86_64 | 1.0.2 | 9.00 | 83.00 | 92.00 | OK |
Version: 1.0.2
Check: dependencies in R code
Result: NOTE
Namespaces in Imports field not imported from:
‘caret’ ‘e1071’ ‘ggthemes’ ‘mlbench’ ‘rmarkdown’ ‘tidymodels’
All declared Imports should be used.
Flavors: r-devel-linux-x86_64-fedora-clang, r-devel-linux-x86_64-fedora-gcc, r-oldrel-macos-arm64