CRAN Package Check Results for Package OmopViewer

Last updated on 2025-04-17 01:51:27 CEST.

Flavor Version Tinstall Tcheck Ttotal Status Flags
r-devel-linux-x86_64-debian-clang 0.2.0 3.95 66.28 70.23 NOTE
r-devel-linux-x86_64-debian-gcc 0.3.0 3.83 105.62 109.45 OK
r-devel-linux-x86_64-fedora-clang 0.3.0 243.79 OK
r-devel-linux-x86_64-fedora-gcc 0.3.0 248.16 OK
r-devel-windows-x86_64 0.2.0 6.00 69.00 75.00 NOTE
r-patched-linux-x86_64 0.2.0 3.97 63.26 67.23 NOTE
r-release-linux-x86_64 0.2.0 3.63 63.21 66.84 NOTE
r-release-macos-arm64 0.3.0 70.00 OK
r-release-macos-x86_64 0.3.0 110.00 OK
r-release-windows-x86_64 0.3.0 10.00 150.00 160.00 OK
r-oldrel-macos-arm64 0.3.0 76.00 OK
r-oldrel-macos-x86_64 0.3.0 139.00 OK
r-oldrel-windows-x86_64 0.3.0 12.00 184.00 196.00 OK

Check Details

Version: 0.2.0
Check: DESCRIPTION meta-information
Result: NOTE Missing dependency on R >= 4.1.0 because package code uses the pipe |> or function shorthand \(...) syntax added in R 4.1.0. File(s) using such syntax: ‘about.R’ ‘appDynamic.R’ ‘appStatic.R’ ‘buttons.R’ ‘createServer.R’ ‘createUi.R’ ‘defaultPanel.R’ ‘functions.R’ ‘panelOutput.R’ ‘panelRaw.R’ ‘panelTidy.R’ ‘sidebar.R’ ‘utilities.R’ Flavors: r-devel-linux-x86_64-debian-clang, r-devel-windows-x86_64, r-patched-linux-x86_64, r-release-linux-x86_64