Last updated on 2025-05-01 01:49:40 CEST.
Flavor | Version | Tinstall | Tcheck | Ttotal | Status | Flags |
---|---|---|---|---|---|---|
r-devel-linux-x86_64-debian-clang | 0.0.1 | 4.78 | 59.37 | 64.15 | NOTE | |
r-devel-linux-x86_64-debian-gcc | 0.0.1 | 3.43 | 47.73 | 51.16 | NOTE | |
r-devel-linux-x86_64-fedora-clang | 0.0.1 | 96.95 | NOTE | |||
r-devel-linux-x86_64-fedora-gcc | 0.0.1 | 113.75 | NOTE | |||
r-devel-windows-x86_64 | 0.0.1 | 6.00 | 134.00 | 140.00 | NOTE | |
r-patched-linux-x86_64 | 0.0.1 | 5.13 | 56.89 | 62.02 | NOTE | |
r-release-linux-x86_64 | 0.0.1 | 4.18 | 56.91 | 61.09 | NOTE | |
r-release-macos-arm64 | 0.0.1 | 111.00 | NOTE | |||
r-release-macos-x86_64 | 0.0.1 | 135.00 | NOTE | |||
r-release-windows-x86_64 | 0.0.1 | 6.00 | 133.00 | 139.00 | NOTE | |
r-oldrel-macos-arm64 | 0.0.1 | 104.00 | OK | |||
r-oldrel-macos-x86_64 | 0.0.1 | 136.00 | OK | |||
r-oldrel-windows-x86_64 | 0.0.1 | 6.00 | 143.00 | 149.00 | OK |
Version: 0.0.1
Check: DESCRIPTION meta-information
Result: NOTE
Missing dependency on R >= 4.1.0 because package code uses the pipe
|> or function shorthand \(...) syntax added in R 4.1.0.
File(s) using such syntax:
‘OpenRange_api_load_species.Rd’ ‘OpenRange_api_species.Rd’
‘OpenRange_load_species.Rd’ ‘OpenRange_sf.R’ ‘OpenRange_species.Rd’
Flavors: r-devel-linux-x86_64-debian-clang, r-devel-linux-x86_64-debian-gcc, r-devel-linux-x86_64-fedora-clang, r-devel-linux-x86_64-fedora-gcc, r-devel-windows-x86_64, r-patched-linux-x86_64, r-release-linux-x86_64, r-release-macos-arm64, r-release-macos-x86_64, r-release-windows-x86_64