Last updated on 2023-06-07 02:01:07 CEST.
Flavor | Version | Tinstall | Tcheck | Ttotal | Status | Flags |
---|---|---|---|---|---|---|
r-devel-linux-x86_64-debian-clang | 0.6.1 | 10.39 | 92.65 | 103.04 | OK | |
r-devel-linux-x86_64-debian-gcc | 0.6.1 | 5.03 | 70.46 | 75.49 | OK | |
r-devel-linux-x86_64-fedora-clang | 0.6.1 | 126.60 | NOTE | |||
r-devel-linux-x86_64-fedora-gcc | 0.6.1 | 118.85 | OK | |||
r-devel-windows-x86_64 | 0.6.1 | 11.00 | 87.00 | 98.00 | OK | |
r-patched-linux-x86_64 | 0.6.1 | 7.78 | 87.93 | 95.71 | OK | |
r-release-linux-x86_64 | 0.6.1 | 5.63 | 87.31 | 92.94 | OK | |
r-release-macos-arm64 | 0.6.1 | 40.00 | OK | |||
r-release-macos-x86_64 | 0.6.1 | 59.00 | OK | |||
r-release-windows-x86_64 | 0.6.1 | 13.00 | 106.00 | 119.00 | OK | |
r-oldrel-macos-arm64 | 0.6.1 | 46.00 | OK | |||
r-oldrel-macos-x86_64 | 0.6.1 | 67.00 | OK | |||
r-oldrel-windows-x86_64 | 0.6.1 | 13.00 | 109.00 | 122.00 | OK |
Version: 0.6.1
Check: package dependencies
Result: NOTE
Imports includes 23 non-default packages.
Importing from so many packages makes the package vulnerable to any of
them becoming unavailable. Move as many as possible to Suggests and
use conditionally.
Flavor: r-devel-linux-x86_64-fedora-clang