CRAN Package Check Results for Package Opt5PL

Last updated on 2025-04-17 01:51:27 CEST.

Flavor Version Tinstall Tcheck Ttotal Status Flags
r-devel-linux-x86_64-debian-clang 0.1.1 14.83 40.01 54.84 OK
r-devel-linux-x86_64-debian-gcc 0.1.1 10.98 28.72 39.70 OK
r-devel-linux-x86_64-fedora-clang 0.1.1 92.38 OK
r-devel-linux-x86_64-fedora-gcc 0.1.1 90.43 OK
r-devel-windows-x86_64 0.1.1 17.00 79.00 96.00 OK
r-patched-linux-x86_64 0.1.1 16.42 38.63 55.05 OK
r-release-linux-x86_64 0.1.1 14.48 38.15 52.63 OK
r-release-macos-arm64 0.1.1 26.00 OK
r-release-macos-x86_64 0.1.1 54.00 OK
r-release-windows-x86_64 0.1.1 17.00 82.00 99.00 OK
r-oldrel-macos-arm64 0.1.1 27.00 NOTE
r-oldrel-macos-x86_64 0.1.1 41.00 NOTE
r-oldrel-windows-x86_64 0.1.1 15.00 90.00 105.00 NOTE

Check Details

Version: 0.1.1
Check: LazyData
Result: NOTE 'LazyData' is specified without a 'data' directory Flavors: r-oldrel-macos-arm64, r-oldrel-macos-x86_64, r-oldrel-windows-x86_64