Last updated on 2025-10-31 01:49:05 CET.
| Flavor | Version | Tinstall | Tcheck | Ttotal | Status | Flags | 
|---|---|---|---|---|---|---|
| r-devel-linux-x86_64-debian-clang | 1.1 | 10.35 | 89.81 | 100.16 | NOTE | |
| r-devel-linux-x86_64-debian-gcc | 1.1 | 7.35 | 60.86 | 68.21 | NOTE | |
| r-devel-linux-x86_64-fedora-clang | 1.1 | 21.00 | 137.26 | 158.26 | OK | |
| r-devel-linux-x86_64-fedora-gcc | 1.1 | 20.00 | 122.80 | 142.80 | OK | |
| r-devel-windows-x86_64 | 1.1 | 12.00 | 93.00 | 105.00 | OK | |
| r-patched-linux-x86_64 | 1.1 | 9.72 | 83.51 | 93.23 | OK | |
| r-release-linux-x86_64 | 1.1 | 9.70 | 84.26 | 93.96 | OK | |
| r-release-macos-arm64 | 1.1 | 5.00 | 36.00 | 41.00 | OK | |
| r-release-macos-x86_64 | 1.1 | 9.00 | 68.00 | 77.00 | OK | |
| r-release-windows-x86_64 | 1.1 | 12.00 | 94.00 | 106.00 | OK | |
| r-oldrel-macos-arm64 | 1.1 | 5.00 | 35.00 | 40.00 | OK | |
| r-oldrel-macos-x86_64 | 1.1 | 7.00 | 47.00 | 54.00 | OK | |
| r-oldrel-windows-x86_64 | 1.1 | 16.00 | 121.00 | 137.00 | OK | 
Version: 1.1
Check: CRAN incoming feasibility
Result: NOTE
  Maintainer: ‘Adam Kapelner <kapelner@qc.cuny.edu>’
  
  No Authors@R field in DESCRIPTION.
  Please add one, modifying
    Authors@R: c(person(given = "Adam",
                        family = "Kapelner",
                        role = c("aut", "cre"),
                        email = "kapelner@qc.cuny.edu"),
                 person(given = "Michael",
                        family = "Sklar",
                        role = "aut"),
                 person(given = c("Abba", "M."),
                        family = "Krieger",
                        role = "aut"),
                 person(given = "David",
                        family = "Azriel",
                        role = "aut"))
  as necessary.
  
  Package CITATION file contains call(s) to old-style personList() or
  as.personList().  Please use c() on person objects instead.
  Package CITATION file contains call(s) to old-style citEntry().  Please
  use bibentry() instead.
  
  The Description field contains
    M. Krieger, Michael Sklar and David Azriel (2020) <arXiv:1905.03337>.
  Please refer to arXiv e-prints via their arXiv DOI <doi:10.48550/arXiv.YYMM.NNNNN>.
Flavors: r-devel-linux-x86_64-debian-clang, r-devel-linux-x86_64-debian-gcc