CRAN Package Check Results for Package PAC

Last updated on 2025-05-06 02:50:27 CEST.

Flavor Version Tinstall Tcheck Ttotal Status Flags
r-devel-linux-x86_64-debian-clang 1.1.4 19.00 76.59 95.59 NOTE
r-devel-linux-x86_64-debian-gcc 1.1.4 14.03 50.51 64.54 NOTE
r-devel-linux-x86_64-fedora-clang 1.1.4 140.47 NOTE
r-devel-linux-x86_64-fedora-gcc 1.1.4 154.47 NOTE
r-devel-windows-x86_64 1.1.4 29.00 98.00 127.00 NOTE
r-patched-linux-x86_64 1.1.4 18.93 64.08 83.01 NOTE
r-release-linux-x86_64 1.1.4 18.21 64.14 82.35 NOTE
r-release-macos-arm64 1.1.4 48.00 NOTE
r-release-macos-x86_64 1.1.4 87.00 NOTE
r-release-windows-x86_64 1.1.4 28.00 95.00 123.00 NOTE
r-oldrel-macos-arm64 1.1.4 45.00 NOTE
r-oldrel-macos-x86_64 1.1.4 58.00 NOTE
r-oldrel-windows-x86_64 1.1.4 32.00 121.00 153.00 NOTE

Check Details

Version: 1.1.4
Check: CRAN incoming feasibility
Result: NOTE Maintainer: ‘Ye Henry Li <hlowl2@gmail.com>’ No Authors@R field in DESCRIPTION. Please add one, modifying Authors@R: c(person(given = c("Ye", "Henry"), family = "Li", role = c("aut", "cre"), email = "hlowl2@gmail.com"), person(given = "Dangna", family = "Li", role = "aut")) as necessary. Flavors: r-devel-linux-x86_64-debian-clang, r-devel-linux-x86_64-debian-gcc

Version: 1.1.4
Check: C++ specification
Result: NOTE Specified C++11: please drop specification unless essential Flavors: r-devel-linux-x86_64-debian-clang, r-devel-linux-x86_64-debian-gcc, r-devel-linux-x86_64-fedora-clang, r-devel-linux-x86_64-fedora-gcc, r-devel-windows-x86_64, r-patched-linux-x86_64, r-release-linux-x86_64, r-release-macos-arm64, r-release-macos-x86_64, r-release-windows-x86_64, r-oldrel-macos-arm64, r-oldrel-macos-x86_64, r-oldrel-windows-x86_64