Last updated on 2022-06-30 01:49:15 CEST.
Flavor | Version | Tinstall | Tcheck | Ttotal | Status | Flags |
---|---|---|---|---|---|---|
r-devel-linux-x86_64-debian-clang | 1.0.0 | 8.42 | 104.60 | 113.02 | NOTE | |
r-devel-linux-x86_64-debian-gcc | 1.0.0 | 6.39 | 79.29 | 85.68 | NOTE | |
r-devel-linux-x86_64-fedora-clang | 1.0.0 | 144.05 | NOTE | |||
r-devel-linux-x86_64-fedora-gcc | 1.0.0 | 143.37 | NOTE | |||
r-devel-windows-x86_64 | 1.0.0 | 19.00 | 122.00 | 141.00 | NOTE | |
r-patched-linux-x86_64 | 1.0.0 | 6.82 | 99.47 | 106.29 | NOTE | |
r-release-linux-x86_64 | 1.0.0 | 8.97 | 103.08 | 112.05 | NOTE | |
r-release-macos-arm64 | 1.0.0 | 38.00 | NOTE | |||
r-release-macos-x86_64 | 1.0.0 | 56.00 | NOTE | |||
r-release-windows-x86_64 | 1.0.0 | 17.00 | 125.00 | 142.00 | NOTE | |
r-oldrel-macos-arm64 | 1.0.0 | 46.00 | NOTE | |||
r-oldrel-macos-x86_64 | 1.0.0 | 79.00 | NOTE | |||
r-oldrel-windows-ix86+x86_64 | 1.0.0 | 19.00 | 124.00 | 143.00 | NOTE |
Version: 1.0.0
Check: LazyData
Result: NOTE
'LazyData' is specified without a 'data' directory
Flavors: r-devel-linux-x86_64-debian-clang, r-devel-linux-x86_64-debian-gcc, r-devel-linux-x86_64-fedora-clang, r-devel-linux-x86_64-fedora-gcc, r-devel-windows-x86_64, r-patched-linux-x86_64, r-release-linux-x86_64, r-release-macos-arm64, r-release-macos-x86_64, r-release-windows-x86_64, r-oldrel-macos-arm64, r-oldrel-macos-x86_64, r-oldrel-windows-ix86+x86_64