CRAN Package Check Results for Package PAMmisc

Last updated on 2022-01-17 01:48:30 CET.

Flavor Version Tinstall Tcheck Ttotal Status Flags
r-devel-linux-x86_64-debian-clang 1.8.0 16.49 123.92 140.41 OK
r-devel-linux-x86_64-debian-gcc 1.8.0 13.06 102.53 115.59 OK
r-devel-linux-x86_64-fedora-clang 1.8.0 169.15 OK
r-devel-linux-x86_64-fedora-gcc 1.8.0 164.15 OK
r-devel-windows-x86_64-new-UL 1.8.0 65.00 140.00 205.00 OK
r-devel-windows-x86_64-new-TK 1.8.0 OK
r-patched-linux-x86_64 1.8.0 19.15 117.76 136.91 OK
r-release-linux-x86_64 1.8.0 OK
r-release-macos-arm64 1.8.0 OK
r-release-macos-x86_64 1.8.0 OK
r-release-windows-ix86+x86_64 1.8.0 4.00 8.00 12.00 ERROR
r-oldrel-macos-x86_64 1.7.0 OK
r-oldrel-windows-ix86+x86_64 1.8.0 4.00 9.00 13.00 ERROR

Check Details

Version: 1.8.0
Check: whether package can be installed
Result: ERROR
    Installation failed.
Flavors: r-release-windows-ix86+x86_64, r-oldrel-windows-ix86+x86_64