Last updated on 2024-03-28 01:54:05 CET.
Flavor | Version | Tinstall | Tcheck | Ttotal | Status | Flags |
---|---|---|---|---|---|---|
r-devel-linux-x86_64-debian-clang | 2.69.3 | 25.78 | 135.06 | 160.84 | OK | |
r-devel-linux-x86_64-debian-gcc | 2.69.3 | 19.18 | 97.00 | 116.18 | OK | |
r-devel-linux-x86_64-fedora-clang | 2.69.3 | 193.54 | NOTE | |||
r-devel-linux-x86_64-fedora-gcc | 2.69.3 | 200.37 | OK | |||
r-devel-windows-x86_64 | 2.69.3 | 19.00 | 119.00 | 138.00 | NOTE | |
r-patched-linux-x86_64 | 2.69.3 | 20.85 | 117.79 | 138.64 | OK | |
r-release-linux-x86_64 | 2.69.3 | 18.76 | 118.22 | 136.98 | OK | |
r-release-macos-arm64 | 2.69.3 | 53.00 | NOTE | |||
r-release-macos-x86_64 | 2.69.3 | 186.00 | NOTE | |||
r-release-windows-x86_64 | 2.69.3 | 18.00 | 130.00 | 148.00 | NOTE | |
r-oldrel-macos-arm64 | 2.69.3 | 82.00 | NOTE | |||
r-oldrel-windows-x86_64 | 2.69.3 | 27.00 | 129.00 | 156.00 | NOTE |
Version: 2.69.3
Check: installed package size
Result: NOTE
installed size is 5.4Mb
sub-directories of 1Mb or more:
doc 1.4Mb
examples 1.7Mb
Flavors: r-devel-linux-x86_64-fedora-clang, r-devel-windows-x86_64, r-release-macos-arm64, r-release-macos-x86_64, r-release-windows-x86_64, r-oldrel-macos-arm64, r-oldrel-windows-x86_64