Last updated on 2025-05-22 01:51:04 CEST.
Flavor | Version | Tinstall | Tcheck | Ttotal | Status | Flags |
---|---|---|---|---|---|---|
r-devel-linux-x86_64-debian-clang | 1.1.2 | 9.47 | 76.13 | 85.60 | OK | |
r-devel-linux-x86_64-debian-gcc | 1.1.2 | 6.96 | 56.86 | 63.82 | OK | |
r-devel-linux-x86_64-fedora-clang | 1.1.2 | 145.59 | OK | |||
r-devel-linux-x86_64-fedora-gcc | 1.1.2 | 188.93 | OK | |||
r-devel-windows-x86_64 | 1.1.2 | 10.00 | 93.00 | 103.00 | OK | |
r-patched-linux-x86_64 | 1.1.2 | 9.22 | 71.65 | 80.87 | OK | |
r-release-linux-x86_64 | 1.1.2 | 8.62 | 72.68 | 81.30 | OK | |
r-release-macos-arm64 | 1.1.2 | 51.00 | OK | |||
r-release-macos-x86_64 | 1.1.2 | 99.00 | OK | |||
r-release-windows-x86_64 | 1.1.2 | 12.00 | 87.00 | 99.00 | OK | |
r-oldrel-macos-arm64 | 1.1.2 | 48.00 | NOTE | |||
r-oldrel-macos-x86_64 | 1.1.2 | 83.00 | NOTE | |||
r-oldrel-windows-x86_64 | 1.1.2 | 12.00 | 106.00 | 118.00 | OK |
Version: 1.1.2
Check: installed package size
Result: NOTE
installed size is 5.0Mb
sub-directories of 1Mb or more:
doc 4.9Mb
Flavors: r-oldrel-macos-arm64, r-oldrel-macos-x86_64