CRAN Package Check Results for Package PCLassoReg

Last updated on 2022-10-01 01:49:11 CEST.

Flavor Version Tinstall Tcheck Ttotal Status Flags
r-devel-linux-x86_64-debian-clang 1.0.0 9.73 119.18 128.91 OK
r-devel-linux-x86_64-debian-gcc 1.0.0 7.13 90.97 98.10 OK
r-devel-linux-x86_64-fedora-clang 1.0.0 163.28 NOTE
r-devel-linux-x86_64-fedora-gcc 1.0.0 159.22 NOTE
r-devel-windows-x86_64 1.0.0 13.00 156.00 169.00 OK
r-patched-linux-x86_64 1.0.0 9.38 112.81 122.19 OK
r-release-linux-x86_64 1.0.0 6.53 113.14 119.67 OK
r-release-macos-arm64 1.0.0 42.00 NOTE
r-release-macos-x86_64 1.0.0 62.00 NOTE
r-release-windows-x86_64 1.0.0 30.00 154.00 184.00 OK
r-oldrel-macos-arm64 1.0.0 45.00 NOTE
r-oldrel-macos-x86_64 1.0.0 62.00 NOTE
r-oldrel-windows-ix86+x86_64 1.0.0 17.00 150.00 167.00 OK

Check Details

Version: 1.0.0
Check: dependencies in R code
Result: NOTE
    Namespace in Imports field not imported from: ‘survival’
     All declared Imports should be used.
Flavors: r-devel-linux-x86_64-fedora-clang, r-devel-linux-x86_64-fedora-gcc, r-release-macos-arm64, r-release-macos-x86_64, r-oldrel-macos-arm64, r-oldrel-macos-x86_64