Last updated on 2024-04-23 01:57:09 CEST.
Flavor | Version | Tinstall | Tcheck | Ttotal | Status | Flags |
---|---|---|---|---|---|---|
r-devel-linux-x86_64-debian-clang | 0.1-4 | 45.33 | 86.28 | 131.61 | NOTE | |
r-devel-linux-x86_64-debian-gcc | 0.1-4 | 35.68 | 62.30 | 97.98 | NOTE | |
r-devel-linux-x86_64-fedora-clang | 0.1-4 | 172.62 | NOTE | |||
r-devel-linux-x86_64-fedora-gcc | 0.1-4 | 172.69 | NOTE | |||
r-prerel-macos-arm64 | 0.1-4 | 45.00 | NOTE | |||
r-prerel-windows-x86_64 | 0.1-4 | 39.00 | 94.00 | 133.00 | NOTE | |
r-patched-linux-x86_64 | 0.1-4 | 49.73 | 80.92 | 130.65 | NOTE | |
r-release-linux-x86_64 | 0.1-4 | 47.91 | 82.77 | 130.68 | NOTE | |
r-release-macos-arm64 | 0.1-4 | 55.00 | NOTE | |||
r-release-macos-x86_64 | 0.1-4 | 88.00 | NOTE | |||
r-release-windows-x86_64 | 0.1-4 | 49.00 | 115.00 | 164.00 | NOTE | |
r-oldrel-macos-arm64 | 0.1-4 | 51.00 | OK | |||
r-oldrel-windows-x86_64 | 0.1-4 | 47.00 | 108.00 | 155.00 | OK |
Version: 0.1-4
Check: C++ specification
Result: NOTE
Specified C++11: please drop specification unless essential
Flavors: r-devel-linux-x86_64-debian-clang, r-devel-linux-x86_64-debian-gcc, r-devel-linux-x86_64-fedora-clang, r-devel-linux-x86_64-fedora-gcc, r-prerel-macos-arm64, r-prerel-windows-x86_64, r-patched-linux-x86_64, r-release-linux-x86_64, r-release-macos-arm64, r-release-macos-x86_64, r-release-windows-x86_64