Last updated on 2025-05-24 01:51:29 CEST.
Flavor | Version | Tinstall | Tcheck | Ttotal | Status | Flags |
---|---|---|---|---|---|---|
r-devel-linux-x86_64-debian-clang | 1.4.10 | 18.27 | 68.84 | 87.11 | OK | |
r-devel-linux-x86_64-debian-gcc | 1.4.10 | 13.09 | 52.05 | 65.14 | OK | |
r-devel-linux-x86_64-fedora-clang | 1.4.10 | 132.49 | ERROR | |||
r-devel-linux-x86_64-fedora-gcc | 1.4.10 | 141.99 | ERROR | |||
r-devel-windows-x86_64 | 1.4.10 | 14.00 | 94.00 | 108.00 | OK | |
r-patched-linux-x86_64 | 1.4.10 | 17.67 | 66.51 | 84.18 | OK | |
r-release-linux-x86_64 | 1.4.10 | 17.75 | 65.37 | 83.12 | OK | |
r-release-macos-arm64 | 1.4.10 | 79.00 | OK | |||
r-release-macos-x86_64 | 1.4.10 | 100.00 | OK | |||
r-release-windows-x86_64 | 1.4.10 | 14.00 | 85.00 | 99.00 | OK | |
r-oldrel-macos-arm64 | 1.4.10 | 121.00 | OK | |||
r-oldrel-macos-x86_64 | 1.4.10 | 152.00 | OK | |||
r-oldrel-windows-x86_64 | 1.4.10 | 15.00 | 95.00 | 110.00 | OK |
Version: 1.4.10
Check: examples
Result: ERROR
Running examples in ‘PDE-Ex.R’ failed
The error most likely occurred in:
> ### Name: PDE_analyzer_i
> ### Title: Extracting data from PDF (Portable Document Format) files using
> ### a user interface
> ### Aliases: PDE_analyzer_i
>
> ### ** Examples
>
>
> PDE_analyzer_i()
Error in tcltk2::tk2tablelist(l38, selectmode = "browse", exportselection = 0, :
Tcl package 'tablelist' must be installed first
Calls: PDE_analyzer_i -> <Anonymous>
Execution halted
Flavors: r-devel-linux-x86_64-fedora-clang, r-devel-linux-x86_64-fedora-gcc