Last updated on 2025-05-05 01:50:55 CEST.
Flavor | Version | Tinstall | Tcheck | Ttotal | Status | Flags |
---|---|---|---|---|---|---|
r-devel-linux-x86_64-debian-clang | 0.1.6 | 2.49 | 50.91 | 53.40 | NOTE | |
r-devel-linux-x86_64-debian-gcc | 0.1.6 | 1.75 | 38.12 | 39.87 | NOTE | |
r-devel-linux-x86_64-fedora-clang | 0.1.6 | 83.27 | OK | |||
r-devel-linux-x86_64-fedora-gcc | 0.1.6 | 97.03 | OK | |||
r-devel-windows-x86_64 | 0.1.6 | 4.00 | 87.00 | 91.00 | OK | |
r-patched-linux-x86_64 | 0.1.6 | 2.70 | 47.88 | 50.58 | OK | |
r-release-linux-x86_64 | 0.1.6 | 2.46 | 47.88 | 50.34 | OK | |
r-release-macos-arm64 | 0.1.6 | 35.00 | OK | |||
r-release-macos-x86_64 | 0.1.6 | 66.00 | OK | |||
r-release-windows-x86_64 | 0.1.6 | 3.00 | 88.00 | 91.00 | OK | |
r-oldrel-macos-arm64 | 0.1.6 | 33.00 | OK | |||
r-oldrel-macos-x86_64 | 0.1.6 | 103.00 | OK | |||
r-oldrel-windows-x86_64 | 0.1.6 | 4.00 | 95.00 | 99.00 | OK |
Version: 0.1.6
Check: CRAN incoming feasibility
Result: NOTE
Maintainer: ‘Steven E. Pav <shabbychef@gmail.com>’
Package CITATION file contains call(s) to old-style citEntry(). Please
use bibentry() instead.
Flavors: r-devel-linux-x86_64-debian-clang, r-devel-linux-x86_64-debian-gcc