Last updated on 2025-11-01 01:50:39 CET.
| Flavor | Version | Tinstall | Tcheck | Ttotal | Status | Flags |
|---|---|---|---|---|---|---|
| r-devel-linux-x86_64-debian-clang | 2.9.5 | 11.59 | 100.49 | 112.08 | NOTE | |
| r-devel-linux-x86_64-debian-gcc | 2.9.5 | 9.31 | 71.24 | 80.55 | NOTE | |
| r-devel-linux-x86_64-fedora-clang | 2.9.5 | 27.00 | 152.12 | 179.12 | OK | |
| r-devel-linux-x86_64-fedora-gcc | 2.9.5 | 22.00 | 141.02 | 163.02 | OK | |
| r-devel-windows-x86_64 | 2.9.5 | 13.00 | 104.00 | 117.00 | OK | |
| r-patched-linux-x86_64 | 2.9.5 | 10.83 | 94.44 | 105.27 | OK | |
| r-release-linux-x86_64 | 2.9.5 | 9.67 | 94.67 | 104.34 | OK | |
| r-release-macos-arm64 | 2.9.5 | 5.00 | 40.00 | 45.00 | OK | |
| r-release-macos-x86_64 | 2.9.5 | 12.00 | 72.00 | 84.00 | OK | |
| r-release-windows-x86_64 | 2.9.5 | 14.00 | 104.00 | 118.00 | OK | |
| r-oldrel-macos-arm64 | 2.9.5 | 5.00 | 35.00 | 40.00 | OK | |
| r-oldrel-macos-x86_64 | 2.9.5 | 8.00 | 58.00 | 66.00 | OK | |
| r-oldrel-windows-x86_64 | 2.9.5 | 19.00 | 138.00 | 157.00 | OK |
Version: 2.9.5
Check: CRAN incoming feasibility
Result: NOTE
Maintainer: ‘John E. Kolassa <kolassa@stat.rutgers.edu>’
No Authors@R field in DESCRIPTION.
Please add one, modifying
Authors@R: c(person(given = c("John", "E."),
family = "Kolassa",
role = c("aut", "cre"),
email = "kolassa@stat.rutgers.edu"),
person(given = "Juan",
family = "Zhang",
role = "aut"))
as necessary.
Flavors: r-devel-linux-x86_64-debian-clang, r-devel-linux-x86_64-debian-gcc