CRAN Package Check Results for Package PJFM

Last updated on 2025-04-30 01:50:31 CEST.

Flavor Version Tinstall Tcheck Ttotal Status Flags
r-devel-linux-x86_64-debian-clang 0.1.0 67.80 57.68 125.48 OK
r-devel-linux-x86_64-debian-gcc 0.1.0 51.52 43.02 94.54 OK
r-devel-linux-x86_64-fedora-clang 0.1.0 200.89 OK
r-devel-linux-x86_64-fedora-gcc 0.1.0 227.22 OK
r-devel-windows-x86_64 0.1.0 70.00 98.00 168.00 OK
r-patched-linux-x86_64 0.1.0 73.94 55.57 129.51 OK
r-release-linux-x86_64 0.1.0 67.91 55.41 123.32 OK
r-release-macos-arm64 0.1.0 59.00 OK
r-release-macos-x86_64 0.1.0 109.00 OK
r-release-windows-x86_64 0.1.0 68.00 94.00 162.00 OK
r-oldrel-macos-arm64 0.1.0 57.00 NOTE
r-oldrel-macos-x86_64 0.1.0 118.00 NOTE
r-oldrel-windows-x86_64 0.1.0 81.00 114.00 195.00 OK

Check Details

Version: 0.1.0
Check: installed package size
Result: NOTE installed size is 9.2Mb sub-directories of 1Mb or more: libs 8.6Mb Flavors: r-oldrel-macos-arm64, r-oldrel-macos-x86_64