Last updated on 2024-04-18 01:55:28 CEST.
Flavor | Version | Tinstall | Tcheck | Ttotal | Status | Flags |
---|---|---|---|---|---|---|
r-devel-linux-x86_64-debian-clang | 4.4 | 2.58 | 23.89 | 26.47 | NOTE | |
r-devel-linux-x86_64-debian-gcc | 4.4 | 1.94 | 18.15 | 20.09 | NOTE | |
r-devel-linux-x86_64-fedora-clang | 4.4 | 32.49 | NOTE | |||
r-devel-linux-x86_64-fedora-gcc | 4.4 | 31.30 | NOTE | |||
r-prerel-macos-arm64 | 4.4 | 18.00 | NOTE | |||
r-prerel-windows-x86_64 | 4.4 | 3.00 | 40.00 | 43.00 | NOTE | |
r-patched-linux-x86_64 | 4.4 | 1.74 | 22.74 | 24.48 | NOTE | |
r-release-linux-x86_64 | 4.4 | 2.36 | 22.34 | 24.70 | OK | |
r-release-macos-arm64 | 4.4 | 18.00 | OK | |||
r-release-macos-x86_64 | 4.4 | 21.00 | OK | |||
r-release-windows-x86_64 | 4.4 | 3.00 | 40.00 | 43.00 | OK | |
r-oldrel-macos-arm64 | 4.4 | 18.00 | OK | |||
r-oldrel-windows-x86_64 | 4.4 | 3.00 | 44.00 | 47.00 | OK |
Version: 4.4
Check: Rd files
Result: NOTE
checkRd: (-1) PMCMR-deprecated.Rd:36: Lost braces in \itemize; \value handles \item{}{} directly
checkRd: (-1) PMCMR-deprecated.Rd:37: Lost braces in \itemize; \value handles \item{}{} directly
checkRd: (-1) PMCMR-deprecated.Rd:38: Lost braces in \itemize; \value handles \item{}{} directly
checkRd: (-1) PMCMR-deprecated.Rd:39-40: Lost braces in \itemize; \value handles \item{}{} directly
checkRd: (-1) PMCMR-deprecated.Rd:41: Lost braces in \itemize; \value handles \item{}{} directly
Flavors: r-devel-linux-x86_64-debian-clang, r-devel-linux-x86_64-debian-gcc, r-devel-linux-x86_64-fedora-clang, r-devel-linux-x86_64-fedora-gcc, r-prerel-macos-arm64, r-prerel-windows-x86_64, r-patched-linux-x86_64