Last updated on 2024-04-23 01:57:10 CEST.
Flavor | Version | Tinstall | Tcheck | Ttotal | Status | Flags |
---|---|---|---|---|---|---|
r-devel-linux-x86_64-debian-clang | 2.1.7 | 42.96 | 239.74 | 282.70 | NOTE | |
r-devel-linux-x86_64-debian-gcc | 2.1.7 | 36.89 | 172.23 | 209.12 | NOTE | |
r-devel-linux-x86_64-fedora-clang | 2.1.7 | 343.35 | NOTE | |||
r-devel-linux-x86_64-fedora-gcc | 2.1.7 | 349.72 | NOTE | |||
r-prerel-macos-arm64 | 2.1.7 | 94.00 | NOTE | |||
r-prerel-windows-x86_64 | 2.1.7 | 39.00 | 186.00 | 225.00 | NOTE | |
r-patched-linux-x86_64 | 2.1.7 | 47.94 | 219.62 | 267.56 | NOTE | |
r-release-linux-x86_64 | 2.1.7 | 46.98 | 229.72 | 276.70 | NOTE | |
r-release-macos-arm64 | 2.1.7 | 108.00 | NOTE | |||
r-release-macos-x86_64 | 2.1.7 | 177.00 | NOTE | |||
r-release-windows-x86_64 | 2.1.7 | 50.00 | 247.00 | 297.00 | NOTE | |
r-oldrel-macos-arm64 | 2.1.7 | 92.00 | NOTE | |||
r-oldrel-windows-x86_64 | 2.1.7 | 50.00 | 239.00 | 289.00 | OK |
Version: 2.1.7
Check: C++ specification
Result: NOTE
Specified C++11: please drop specification unless essential
Flavors: r-devel-linux-x86_64-debian-clang, r-devel-linux-x86_64-debian-gcc, r-devel-linux-x86_64-fedora-clang, r-devel-linux-x86_64-fedora-gcc, r-prerel-macos-arm64, r-prerel-windows-x86_64, r-patched-linux-x86_64, r-release-linux-x86_64, r-release-macos-arm64, r-release-macos-x86_64, r-release-windows-x86_64
Version: 2.1.7
Check: Rd files
Result: NOTE
checkRd: (-1) summary.POUMM.Rd:28: Lost braces; missing escapes or markup?
28 | \item{stats}{a named list of functions of the form function(par) { number },
| ^
Flavors: r-devel-linux-x86_64-debian-clang, r-devel-linux-x86_64-debian-gcc, r-devel-linux-x86_64-fedora-clang, r-devel-linux-x86_64-fedora-gcc, r-prerel-macos-arm64, r-prerel-windows-x86_64, r-patched-linux-x86_64
Version: 2.1.7
Check: installed package size
Result: NOTE
installed size is 7.2Mb
sub-directories of 1Mb or more:
libs 6.5Mb
Flavors: r-prerel-macos-arm64, r-release-macos-arm64, r-release-macos-x86_64, r-oldrel-macos-arm64